{"id":1185,"date":"2020-04-03T09:09:05","date_gmt":"2020-04-03T09:09:05","guid":{"rendered":"https:\/\/www.kaukinen.net\/?page_id=1185"},"modified":"2023-07-02T10:26:49","modified_gmt":"2023-07-02T10:26:49","slug":"putte","status":"publish","type":"page","link":"https:\/\/www.kaukinen.net\/?page_id=1185","title":{"rendered":"Tarupihan Lilliputti &#8221;Putte&#8221;"},"content":{"rendered":"\n<p>12.10.2000 &#8211; 20.9.2014<\/p>\n\n\n\n<p>Putte oli hurmaava, alati h\u00e4nt\u00e4\u00e4ns\u00e4 heiluttava pieni koira. Aikuistumisen merkkej\u00e4 alkoi n\u00e4ky\u00e4 kolmannella ik\u00e4vuodella, varsinkin sen j\u00e4lkeen kun taloon tuli uusi pentu. Pentuna Puten vilkkaus ja eloisuus oli suorastaan k\u00e4sitt\u00e4m\u00e4t\u00f6nt\u00e4. Paikallaan se ei pitk\u00e4\u00e4n pysynyt. &#8221;Isot veljet&#8221;, eli meill\u00e4 tuohon aikaan el\u00e4neet corgit, olivat Puten mielest\u00e4 joskus v\u00e4h\u00e4n tylsi\u00e4, sill\u00e4 ne vain makailivat mukavasti eiv\u00e4tk\u00e4 tulleet leikkim\u00e4\u00e4n, vaikka Putte kuinka haukkui kimakasti korvaan. Kun Putte itse oli my\u00f6hemmin vanhimman koiran asemassa, pienet pennut olivat aika \u00e4rsytt\u00e4vi\u00e4 riivi\u00f6it\u00e4 Puten mielest\u00e4. Mutta pikkuhiljaa niin Epusta, Jussista kuin Pontuksestakin kasvoi v\u00e4hemm\u00e4n \u00e4rsytt\u00e4vi\u00e4 ja Putesta enemm\u00e4n siet\u00e4v\u00e4.<\/p>\n\n\n\n<p>Pikkupentuna Putte j\u00e4rjesti meille usein p\u00e4\u00e4nvaivaa, sill\u00e4 &#8221;varoituksista&#8221; huolimatta emme osanneet odottaa, millaista olisi kun kotona on n\u00e4in villi otus. Sit\u00e4 piti vahtia jatkuvasti, ettei se p\u00e4\u00e4se kiipe\u00e4m\u00e4\u00e4n liian korkealle tai ota suuhunsa mit\u00e4\u00e4n vaarallista. Mit\u00e4 v\u00e4syneemm\u00e4ksi pentu tuli, sen hurjemmaksi muuttui meno. Putte ei edes mennyt itse nukkumaan! Se piti ottaa syliin, johon se sitten samantien nukahti. Helpotuksemme oli suuri, kun Putte kasvoi sen verran, ett\u00e4 sen uskalsi antaa menn\u00e4 sohvalle &#8211; tai l\u00e4hinn\u00e4 tulla alas &#8211; omin neuvoin. Sohva kelpasi Putelle nukkumapaikaksi, jonne saattoi menn\u00e4 omatoimisestikin nukkumaan.<\/p>\n\n\n\n<p>Putte oli aikuisena todella helppo koira. Itsevarma koira p\u00e4rj\u00e4si kaikissa tilanteissa, piti nuorison kurissa ja oli ihana lemmikki.<\/p>\n\n\n\n<p>Putte, sen kaksi velje\u00e4 ja yksi sisar, ovat ensimm\u00e4iset Suomessa syntyneet pihakoiran pennut.<\/p>\n\n\n\n<div class=\"wp-block-jetpack-slideshow aligncenter\" data-effect=\"slide\"><div class=\"wp-block-jetpack-slideshow_container swiper-container\"><ul class=\"wp-block-jetpack-slideshow_swiper-wrapper swiper-wrapper\"><li class=\"wp-block-jetpack-slideshow_slide swiper-slide\"><figure><img loading=\"lazy\" decoding=\"async\" width=\"800\" height=\"533\" alt=\"\" class=\"wp-block-jetpack-slideshow_image wp-image-1211\" data-id=\"1211\" src=\"https:\/\/www.kaukinen.net\/wp-content\/uploads\/2020\/04\/putte20.jpg\" srcset=\"https:\/\/www.kaukinen.net\/wp-content\/uploads\/2020\/04\/putte20.jpg 800w, https:\/\/www.kaukinen.net\/wp-content\/uploads\/2020\/04\/putte20-300x200.jpg 300w, https:\/\/www.kaukinen.net\/wp-content\/uploads\/2020\/04\/putte20-768x512.jpg 768w\" sizes=\"(max-width: 800px) 85vw, 800px\" \/><figcaption class=\"wp-block-jetpack-slideshow_caption gallery-caption\">1.6.2014<\/figcaption><\/figure><\/li><li class=\"wp-block-jetpack-slideshow_slide swiper-slide\"><figure><img loading=\"lazy\" decoding=\"async\" width=\"800\" height=\"533\" alt=\"\" class=\"wp-block-jetpack-slideshow_image wp-image-1210\" data-id=\"1210\" src=\"https:\/\/www.kaukinen.net\/wp-content\/uploads\/2020\/04\/putte19.jpg\" srcset=\"https:\/\/www.kaukinen.net\/wp-content\/uploads\/2020\/04\/putte19.jpg 800w, https:\/\/www.kaukinen.net\/wp-content\/uploads\/2020\/04\/putte19-300x200.jpg 300w, https:\/\/www.kaukinen.net\/wp-content\/uploads\/2020\/04\/putte19-768x512.jpg 768w\" sizes=\"(max-width: 800px) 85vw, 800px\" \/><figcaption class=\"wp-block-jetpack-slideshow_caption gallery-caption\">Tammikuu 2013<\/figcaption><\/figure><\/li><li class=\"wp-block-jetpack-slideshow_slide swiper-slide\"><figure><img loading=\"lazy\" decoding=\"async\" width=\"800\" height=\"533\" alt=\"\" class=\"wp-block-jetpack-slideshow_image wp-image-1209\" data-id=\"1209\" src=\"https:\/\/www.kaukinen.net\/wp-content\/uploads\/2020\/04\/putte18.jpg\" srcset=\"https:\/\/www.kaukinen.net\/wp-content\/uploads\/2020\/04\/putte18.jpg 800w, https:\/\/www.kaukinen.net\/wp-content\/uploads\/2020\/04\/putte18-300x200.jpg 300w, https:\/\/www.kaukinen.net\/wp-content\/uploads\/2020\/04\/putte18-768x512.jpg 768w\" sizes=\"(max-width: 800px) 85vw, 800px\" \/><figcaption class=\"wp-block-jetpack-slideshow_caption gallery-caption\">Tammikuu 2013<\/figcaption><\/figure><\/li><li class=\"wp-block-jetpack-slideshow_slide swiper-slide\"><figure><img loading=\"lazy\" decoding=\"async\" width=\"800\" height=\"533\" alt=\"\" class=\"wp-block-jetpack-slideshow_image wp-image-1208\" data-id=\"1208\" src=\"https:\/\/www.kaukinen.net\/wp-content\/uploads\/2020\/04\/putte17.jpg\" srcset=\"https:\/\/www.kaukinen.net\/wp-content\/uploads\/2020\/04\/putte17.jpg 800w, https:\/\/www.kaukinen.net\/wp-content\/uploads\/2020\/04\/putte17-300x200.jpg 300w, https:\/\/www.kaukinen.net\/wp-content\/uploads\/2020\/04\/putte17-768x512.jpg 768w\" sizes=\"(max-width: 800px) 85vw, 800px\" \/><figcaption class=\"wp-block-jetpack-slideshow_caption gallery-caption\">Lokakuu 2012<\/figcaption><\/figure><\/li><li class=\"wp-block-jetpack-slideshow_slide swiper-slide\"><figure><img loading=\"lazy\" decoding=\"async\" width=\"800\" height=\"533\" alt=\"\" class=\"wp-block-jetpack-slideshow_image wp-image-1207\" data-id=\"1207\" src=\"https:\/\/www.kaukinen.net\/wp-content\/uploads\/2020\/04\/putte16.jpg\" srcset=\"https:\/\/www.kaukinen.net\/wp-content\/uploads\/2020\/04\/putte16.jpg 800w, https:\/\/www.kaukinen.net\/wp-content\/uploads\/2020\/04\/putte16-300x200.jpg 300w, https:\/\/www.kaukinen.net\/wp-content\/uploads\/2020\/04\/putte16-768x512.jpg 768w\" sizes=\"(max-width: 800px) 85vw, 800px\" \/><figcaption class=\"wp-block-jetpack-slideshow_caption gallery-caption\">21.2.2012<\/figcaption><\/figure><\/li><li class=\"wp-block-jetpack-slideshow_slide swiper-slide\"><figure><img loading=\"lazy\" decoding=\"async\" width=\"800\" height=\"533\" alt=\"\" class=\"wp-block-jetpack-slideshow_image wp-image-1206\" data-id=\"1206\" src=\"https:\/\/www.kaukinen.net\/wp-content\/uploads\/2020\/04\/putte15.jpg\" srcset=\"https:\/\/www.kaukinen.net\/wp-content\/uploads\/2020\/04\/putte15.jpg 800w, https:\/\/www.kaukinen.net\/wp-content\/uploads\/2020\/04\/putte15-300x200.jpg 300w, https:\/\/www.kaukinen.net\/wp-content\/uploads\/2020\/04\/putte15-768x512.jpg 768w\" sizes=\"(max-width: 800px) 85vw, 800px\" \/><figcaption class=\"wp-block-jetpack-slideshow_caption gallery-caption\">Hein\u00e4kuu 2011<\/figcaption><\/figure><\/li><li class=\"wp-block-jetpack-slideshow_slide swiper-slide\"><figure><img loading=\"lazy\" decoding=\"async\" width=\"800\" height=\"534\" alt=\"\" class=\"wp-block-jetpack-slideshow_image wp-image-1205\" data-id=\"1205\" src=\"https:\/\/www.kaukinen.net\/wp-content\/uploads\/2020\/04\/putte14.jpg\" srcset=\"https:\/\/www.kaukinen.net\/wp-content\/uploads\/2020\/04\/putte14.jpg 800w, https:\/\/www.kaukinen.net\/wp-content\/uploads\/2020\/04\/putte14-300x200.jpg 300w, https:\/\/www.kaukinen.net\/wp-content\/uploads\/2020\/04\/putte14-768x513.jpg 768w\" sizes=\"(max-width: 800px) 85vw, 800px\" \/><figcaption class=\"wp-block-jetpack-slideshow_caption gallery-caption\">Hyvink\u00e4\u00e4n koirakylpyl\u00e4ss\u00e4 marraskuussa 2009<\/figcaption><\/figure><\/li><li class=\"wp-block-jetpack-slideshow_slide swiper-slide\"><figure><img loading=\"lazy\" decoding=\"async\" width=\"600\" height=\"400\" alt=\"\" class=\"wp-block-jetpack-slideshow_image wp-image-1204\" data-id=\"1204\" src=\"https:\/\/www.kaukinen.net\/wp-content\/uploads\/2020\/04\/putte13.jpg\" srcset=\"https:\/\/www.kaukinen.net\/wp-content\/uploads\/2020\/04\/putte13.jpg 600w, https:\/\/www.kaukinen.net\/wp-content\/uploads\/2020\/04\/putte13-300x200.jpg 300w\" sizes=\"(max-width: 600px) 85vw, 600px\" \/><figcaption class=\"wp-block-jetpack-slideshow_caption gallery-caption\">Helmikuu 2007<\/figcaption><\/figure><\/li><li class=\"wp-block-jetpack-slideshow_slide swiper-slide\"><figure><img loading=\"lazy\" decoding=\"async\" width=\"600\" height=\"400\" alt=\"\" class=\"wp-block-jetpack-slideshow_image wp-image-1203\" data-id=\"1203\" src=\"https:\/\/www.kaukinen.net\/wp-content\/uploads\/2020\/04\/putte12.jpg\" srcset=\"https:\/\/www.kaukinen.net\/wp-content\/uploads\/2020\/04\/putte12.jpg 600w, https:\/\/www.kaukinen.net\/wp-content\/uploads\/2020\/04\/putte12-300x200.jpg 300w\" sizes=\"(max-width: 600px) 85vw, 600px\" \/><figcaption class=\"wp-block-jetpack-slideshow_caption gallery-caption\">Parhaat paikat on viety, ja Putte-parka joutuu lep\u00e4\u00e4m\u00e4\u00e4n lattialla.<\/figcaption><\/figure><\/li><li class=\"wp-block-jetpack-slideshow_slide swiper-slide\"><figure><img loading=\"lazy\" decoding=\"async\" width=\"600\" height=\"400\" alt=\"\" class=\"wp-block-jetpack-slideshow_image wp-image-1202\" data-id=\"1202\" src=\"https:\/\/www.kaukinen.net\/wp-content\/uploads\/2020\/04\/putte11.jpg\" srcset=\"https:\/\/www.kaukinen.net\/wp-content\/uploads\/2020\/04\/putte11.jpg 600w, https:\/\/www.kaukinen.net\/wp-content\/uploads\/2020\/04\/putte11-300x200.jpg 300w\" sizes=\"(max-width: 600px) 85vw, 600px\" \/><figcaption class=\"wp-block-jetpack-slideshow_caption gallery-caption\">Elokuu 2005<\/figcaption><\/figure><\/li><li class=\"wp-block-jetpack-slideshow_slide swiper-slide\"><figure><img loading=\"lazy\" decoding=\"async\" width=\"450\" height=\"302\" alt=\"\" class=\"wp-block-jetpack-slideshow_image wp-image-1201\" data-id=\"1201\" src=\"https:\/\/www.kaukinen.net\/wp-content\/uploads\/2020\/04\/putte10.jpg\" srcset=\"https:\/\/www.kaukinen.net\/wp-content\/uploads\/2020\/04\/putte10.jpg 450w, https:\/\/www.kaukinen.net\/wp-content\/uploads\/2020\/04\/putte10-300x201.jpg 300w\" sizes=\"(max-width: 450px) 85vw, 450px\" \/><figcaption class=\"wp-block-jetpack-slideshow_caption gallery-caption\">Syyskuu 2002<\/figcaption><\/figure><\/li><li class=\"wp-block-jetpack-slideshow_slide swiper-slide\"><figure><img loading=\"lazy\" decoding=\"async\" width=\"450\" height=\"302\" alt=\"\" class=\"wp-block-jetpack-slideshow_image wp-image-1200\" data-id=\"1200\" src=\"https:\/\/www.kaukinen.net\/wp-content\/uploads\/2020\/04\/putte09.jpg\" srcset=\"https:\/\/www.kaukinen.net\/wp-content\/uploads\/2020\/04\/putte09.jpg 450w, https:\/\/www.kaukinen.net\/wp-content\/uploads\/2020\/04\/putte09-300x201.jpg 300w\" sizes=\"(max-width: 450px) 85vw, 450px\" \/><figcaption class=\"wp-block-jetpack-slideshow_caption gallery-caption\">Toukokuussa 2001 puolitoistavuotias Putte poseeraa kuin ammattilainen.<\/figcaption><\/figure><\/li><li class=\"wp-block-jetpack-slideshow_slide swiper-slide\"><figure><img loading=\"lazy\" decoding=\"async\" width=\"450\" height=\"302\" alt=\"\" class=\"wp-block-jetpack-slideshow_image wp-image-1199\" data-id=\"1199\" src=\"https:\/\/www.kaukinen.net\/wp-content\/uploads\/2020\/04\/putte08.jpg\" srcset=\"https:\/\/www.kaukinen.net\/wp-content\/uploads\/2020\/04\/putte08.jpg 450w, https:\/\/www.kaukinen.net\/wp-content\/uploads\/2020\/04\/putte08-300x201.jpg 300w\" sizes=\"(max-width: 450px) 85vw, 450px\" \/><figcaption class=\"wp-block-jetpack-slideshow_caption gallery-caption\">Liisa, Hilda, Lillan ja Putte 11.7.2001 (Valok. Airi Immonen)<\/figcaption><\/figure><\/li><li class=\"wp-block-jetpack-slideshow_slide swiper-slide\"><figure><img loading=\"lazy\" decoding=\"async\" width=\"450\" height=\"302\" alt=\"\" class=\"wp-block-jetpack-slideshow_image wp-image-1198\" data-id=\"1198\" src=\"https:\/\/www.kaukinen.net\/wp-content\/uploads\/2020\/04\/putte07.jpg\" srcset=\"https:\/\/www.kaukinen.net\/wp-content\/uploads\/2020\/04\/putte07.jpg 450w, https:\/\/www.kaukinen.net\/wp-content\/uploads\/2020\/04\/putte07-300x201.jpg 300w\" sizes=\"(max-width: 450px) 85vw, 450px\" \/><figcaption class=\"wp-block-jetpack-slideshow_caption gallery-caption\">26.2.2001<\/figcaption><\/figure><\/li><li class=\"wp-block-jetpack-slideshow_slide swiper-slide\"><figure><img loading=\"lazy\" decoding=\"async\" width=\"450\" height=\"302\" alt=\"\" class=\"wp-block-jetpack-slideshow_image wp-image-1197\" data-id=\"1197\" src=\"https:\/\/www.kaukinen.net\/wp-content\/uploads\/2020\/04\/putte06.jpg\" srcset=\"https:\/\/www.kaukinen.net\/wp-content\/uploads\/2020\/04\/putte06.jpg 450w, https:\/\/www.kaukinen.net\/wp-content\/uploads\/2020\/04\/putte06-300x201.jpg 300w\" sizes=\"(max-width: 450px) 85vw, 450px\" \/><figcaption class=\"wp-block-jetpack-slideshow_caption gallery-caption\">3.1.2001<\/figcaption><\/figure><\/li><li class=\"wp-block-jetpack-slideshow_slide swiper-slide\"><figure><img loading=\"lazy\" decoding=\"async\" width=\"450\" height=\"302\" alt=\"\" class=\"wp-block-jetpack-slideshow_image wp-image-1196\" data-id=\"1196\" src=\"https:\/\/www.kaukinen.net\/wp-content\/uploads\/2020\/04\/putte05.jpg\" srcset=\"https:\/\/www.kaukinen.net\/wp-content\/uploads\/2020\/04\/putte05.jpg 450w, https:\/\/www.kaukinen.net\/wp-content\/uploads\/2020\/04\/putte05-300x201.jpg 300w\" sizes=\"(max-width: 450px) 85vw, 450px\" \/><figcaption class=\"wp-block-jetpack-slideshow_caption gallery-caption\">27.12.2000  Pennut ovat suurinpiirtein saman ik\u00e4isi\u00e4. Corgia v\u00e4h\u00e4n ep\u00e4ilytti pihakoiran hillit\u00f6n meno.<\/figcaption><\/figure><\/li><li class=\"wp-block-jetpack-slideshow_slide swiper-slide\"><figure><img loading=\"lazy\" decoding=\"async\" width=\"450\" height=\"302\" alt=\"\" class=\"wp-block-jetpack-slideshow_image wp-image-1195\" data-id=\"1195\" src=\"https:\/\/www.kaukinen.net\/wp-content\/uploads\/2020\/04\/putte04.jpg\" srcset=\"https:\/\/www.kaukinen.net\/wp-content\/uploads\/2020\/04\/putte04.jpg 450w, https:\/\/www.kaukinen.net\/wp-content\/uploads\/2020\/04\/putte04-300x201.jpg 300w\" sizes=\"(max-width: 450px) 85vw, 450px\" \/><figcaption class=\"wp-block-jetpack-slideshow_caption gallery-caption\">12.12.2000<\/figcaption><\/figure><\/li><li class=\"wp-block-jetpack-slideshow_slide swiper-slide\"><figure><img loading=\"lazy\" decoding=\"async\" width=\"450\" height=\"302\" alt=\"\" class=\"wp-block-jetpack-slideshow_image wp-image-1194\" data-id=\"1194\" src=\"https:\/\/www.kaukinen.net\/wp-content\/uploads\/2020\/04\/putte03.jpg\" srcset=\"https:\/\/www.kaukinen.net\/wp-content\/uploads\/2020\/04\/putte03.jpg 450w, https:\/\/www.kaukinen.net\/wp-content\/uploads\/2020\/04\/putte03-300x201.jpg 300w\" sizes=\"(max-width: 450px) 85vw, 450px\" \/><figcaption class=\"wp-block-jetpack-slideshow_caption gallery-caption\">Putte yhdeks\u00e4n viikon ik\u00e4isen\u00e4.<\/figcaption><\/figure><\/li><li class=\"wp-block-jetpack-slideshow_slide swiper-slide\"><figure><img loading=\"lazy\" decoding=\"async\" width=\"450\" height=\"302\" alt=\"\" class=\"wp-block-jetpack-slideshow_image wp-image-1192\" data-id=\"1192\" src=\"https:\/\/www.kaukinen.net\/wp-content\/uploads\/2020\/04\/putte02.jpg\" srcset=\"https:\/\/www.kaukinen.net\/wp-content\/uploads\/2020\/04\/putte02.jpg 450w, https:\/\/www.kaukinen.net\/wp-content\/uploads\/2020\/04\/putte02-300x201.jpg 300w\" sizes=\"(max-width: 450px) 85vw, 450px\" \/><figcaption class=\"wp-block-jetpack-slideshow_caption gallery-caption\">20.11.2000 (Valok. Terhi Laine)<\/figcaption><\/figure><\/li><li class=\"wp-block-jetpack-slideshow_slide swiper-slide\"><figure><img loading=\"lazy\" decoding=\"async\" width=\"450\" height=\"302\" alt=\"\" class=\"wp-block-jetpack-slideshow_image wp-image-1190\" data-id=\"1190\" src=\"https:\/\/www.kaukinen.net\/wp-content\/uploads\/2020\/04\/putte01.jpg\" srcset=\"https:\/\/www.kaukinen.net\/wp-content\/uploads\/2020\/04\/putte01.jpg 450w, https:\/\/www.kaukinen.net\/wp-content\/uploads\/2020\/04\/putte01-300x201.jpg 300w\" sizes=\"(max-width: 450px) 85vw, 450px\" \/><figcaption class=\"wp-block-jetpack-slideshow_caption gallery-caption\">Putte viiden viikon ik\u00e4isen\u00e4 Hilda-em\u00e4ns\u00e4 kanssa. (Valok. Terhi Laine)<\/figcaption><\/figure><\/li><\/ul><a class=\"wp-block-jetpack-slideshow_button-prev swiper-button-prev swiper-button-white\" role=\"button\"><\/a><a class=\"wp-block-jetpack-slideshow_button-next swiper-button-next swiper-button-white\" role=\"button\"><\/a><a aria-label=\"Pause Slideshow\" class=\"wp-block-jetpack-slideshow_button-pause\" role=\"button\"><\/a><div class=\"wp-block-jetpack-slideshow_pagination swiper-pagination swiper-pagination-white\"><\/div><\/div><\/div>\n\n\n\n<p>Putte <a href=\"https:\/\/jalostus.kennelliitto.fi\/frmKoira.aspx?RekNo=ER41609\/00&amp;R=356\">KoiraNetiss\u00e4<\/a><\/p>\n","protected":false},"excerpt":{"rendered":"<p>12.10.2000 &#8211; 20.9.2014 Putte oli hurmaava, alati h\u00e4nt\u00e4\u00e4ns\u00e4 heiluttava pieni koira. Aikuistumisen merkkej\u00e4 alkoi n\u00e4ky\u00e4 kolmannella ik\u00e4vuodella, varsinkin sen j\u00e4lkeen kun taloon tuli uusi pentu. Pentuna Puten vilkkaus ja eloisuus oli suorastaan k\u00e4sitt\u00e4m\u00e4t\u00f6nt\u00e4. Paikallaan se ei pitk\u00e4\u00e4n pysynyt. &#8221;Isot veljet&#8221;, eli meill\u00e4 tuohon aikaan el\u00e4neet corgit, olivat Puten mielest\u00e4 joskus v\u00e4h\u00e4n tylsi\u00e4, sill\u00e4 ne vain &hellip; <a href=\"https:\/\/www.kaukinen.net\/?page_id=1185\" class=\"more-link\">Jatka lukemista<span class=\"screen-reader-text\"> &#8221;Tarupihan Lilliputti &#8221;Putte&#8221;&#8221;<\/span><\/a><\/p>\n","protected":false},"author":1,"featured_media":0,"parent":1181,"menu_order":0,"comment_status":"closed","ping_status":"closed","template":"","meta":{"footnotes":""},"jetpack_sharing_enabled":true,"_links":{"self":[{"href":"https:\/\/www.kaukinen.net\/index.php?rest_route=\/wp\/v2\/pages\/1185"}],"collection":[{"href":"https:\/\/www.kaukinen.net\/index.php?rest_route=\/wp\/v2\/pages"}],"about":[{"href":"https:\/\/www.kaukinen.net\/index.php?rest_route=\/wp\/v2\/types\/page"}],"author":[{"embeddable":true,"href":"https:\/\/www.kaukinen.net\/index.php?rest_route=\/wp\/v2\/users\/1"}],"replies":[{"embeddable":true,"href":"https:\/\/www.kaukinen.net\/index.php?rest_route=%2Fwp%2Fv2%2Fcomments&post=1185"}],"version-history":[{"count":7,"href":"https:\/\/www.kaukinen.net\/index.php?rest_route=\/wp\/v2\/pages\/1185\/revisions"}],"predecessor-version":[{"id":1253,"href":"https:\/\/www.kaukinen.net\/index.php?rest_route=\/wp\/v2\/pages\/1185\/revisions\/1253"}],"up":[{"embeddable":true,"href":"https:\/\/www.kaukinen.net\/index.php?rest_route=\/wp\/v2\/pages\/1181"}],"wp:attachment":[{"href":"https:\/\/www.kaukinen.net\/index.php?rest_route=%2Fwp%2Fv2%2Fmedia&parent=1185"}],"curies":[{"name":"wp","href":"https:\/\/api.w.org\/{rel}","templated":true}]}}