{"id":1247,"date":"2020-04-03T14:56:19","date_gmt":"2020-04-03T14:56:19","guid":{"rendered":"https:\/\/www.kaukinen.net\/?page_id=1247"},"modified":"2023-07-02T11:51:33","modified_gmt":"2023-07-02T11:51:33","slug":"yacatis-absolut-caramel-eppu","status":"publish","type":"page","link":"https:\/\/www.kaukinen.net\/?page_id=1247","title":{"rendered":"Yacatis Absolut Caramel &#8221;Eppu&#8221;"},"content":{"rendered":"\n<p>5.3.2003 &#8211; 26.8.2014<\/p>\n\n\n\n<p>Eppu oli todella avoin ja ihmisrakas sek\u00e4 energinen viel\u00e4 11-vuotiaanakin. Polven luukasvain vei ahkeran vahtikoiramme.<\/p>\n\n\n\n<p>Kun Eppu saapui meille vajaan kahdeksan viikon ik\u00e4isen\u00e4, se tuntui aivan &#8221;valmiilta&#8221; koiralta, ei milt\u00e4\u00e4n k\u00f6mpel\u00f6lt\u00e4 pikkupennulta. Yritykset kiivet\u00e4 nojatuoleille ja sohvalle alkoivat heti kotiintulop\u00e4iv\u00e4n\u00e4, eik\u00e4 siihen pitk\u00e4\u00e4n mennytk\u00e4\u00e4n kun taito oli opittu. Sen j\u00e4lkeen oli vuorossa ikkunan edess\u00e4 olevan matalan lipaston valloitus, siit\u00e4 kun on niin mukava katsella ulos.<\/p>\n\n\n\n<p>Eppu oli varsinainen ilopilleri, jonka el\u00e4m\u00e4nteht\u00e4v\u00e4n\u00e4 oli ihmisten hurmaaminen. Vahtikoiran virkaa Eppu hoiti tarmokkaasti, mutta l\u00e4mpimin\u00e4 kes\u00e4p\u00e4ivin\u00e4 se saattoi nukahtaa ty\u00f6ns\u00e4 \u00e4\u00e4reen pihalla portin edess\u00e4.<\/p>\n\n\n\n<p>Eppu piti aina pennuista, joten Jussin Ja Pontuksen tulo taloon oli sille helppoa. Eppu jaksoi leikki\u00e4 ja riehua pienten kanssa hyvin k\u00e4rsiv\u00e4llisesti.<\/p>\n\n\n\n<p>Agilityss\u00e4 Eppu p\u00e4\u00e4si 2-luokkaan.<\/p>\n\n\n\n<div class=\"wp-block-jetpack-slideshow aligncenter\" data-effect=\"slide\"><div class=\"wp-block-jetpack-slideshow_container swiper-container\"><ul class=\"wp-block-jetpack-slideshow_swiper-wrapper swiper-wrapper\"><li class=\"wp-block-jetpack-slideshow_slide swiper-slide\"><figure><img loading=\"lazy\" decoding=\"async\" width=\"800\" height=\"533\" alt=\"\" class=\"wp-block-jetpack-slideshow_image wp-image-1219\" data-id=\"1219\" src=\"https:\/\/www.kaukinen.net\/wp-content\/uploads\/2020\/04\/eppu28.jpg\" srcset=\"https:\/\/www.kaukinen.net\/wp-content\/uploads\/2020\/04\/eppu28.jpg 800w, https:\/\/www.kaukinen.net\/wp-content\/uploads\/2020\/04\/eppu28-300x200.jpg 300w, https:\/\/www.kaukinen.net\/wp-content\/uploads\/2020\/04\/eppu28-768x512.jpg 768w\" sizes=\"(max-width: 800px) 85vw, 800px\" \/><figcaption class=\"wp-block-jetpack-slideshow_caption gallery-caption\">16.8.2014<\/figcaption><\/figure><\/li><li class=\"wp-block-jetpack-slideshow_slide swiper-slide\"><figure><img loading=\"lazy\" decoding=\"async\" width=\"800\" height=\"533\" alt=\"\" class=\"wp-block-jetpack-slideshow_image wp-image-1220\" data-id=\"1220\" src=\"https:\/\/www.kaukinen.net\/wp-content\/uploads\/2020\/04\/eppu27.jpg\" srcset=\"https:\/\/www.kaukinen.net\/wp-content\/uploads\/2020\/04\/eppu27.jpg 800w, https:\/\/www.kaukinen.net\/wp-content\/uploads\/2020\/04\/eppu27-300x200.jpg 300w, https:\/\/www.kaukinen.net\/wp-content\/uploads\/2020\/04\/eppu27-768x512.jpg 768w\" sizes=\"(max-width: 800px) 85vw, 800px\" \/><figcaption class=\"wp-block-jetpack-slideshow_caption gallery-caption\">1.6.2014<\/figcaption><\/figure><\/li><li class=\"wp-block-jetpack-slideshow_slide swiper-slide\"><figure><img loading=\"lazy\" decoding=\"async\" width=\"800\" height=\"533\" alt=\"\" class=\"wp-block-jetpack-slideshow_image wp-image-1221\" data-id=\"1221\" src=\"https:\/\/www.kaukinen.net\/wp-content\/uploads\/2020\/04\/eppu26.jpg\" srcset=\"https:\/\/www.kaukinen.net\/wp-content\/uploads\/2020\/04\/eppu26.jpg 800w, https:\/\/www.kaukinen.net\/wp-content\/uploads\/2020\/04\/eppu26-300x200.jpg 300w, https:\/\/www.kaukinen.net\/wp-content\/uploads\/2020\/04\/eppu26-768x512.jpg 768w\" sizes=\"(max-width: 800px) 85vw, 800px\" \/><figcaption class=\"wp-block-jetpack-slideshow_caption gallery-caption\">Lelu ja leikkij\u00e4 alkavat muistuttaa toisiaan.<\/figcaption><\/figure><\/li><li class=\"wp-block-jetpack-slideshow_slide swiper-slide\"><figure><img loading=\"lazy\" decoding=\"async\" width=\"799\" height=\"533\" alt=\"\" class=\"wp-block-jetpack-slideshow_image wp-image-1222\" data-id=\"1222\" src=\"https:\/\/www.kaukinen.net\/wp-content\/uploads\/2020\/04\/eppu25.jpg\" srcset=\"https:\/\/www.kaukinen.net\/wp-content\/uploads\/2020\/04\/eppu25.jpg 799w, https:\/\/www.kaukinen.net\/wp-content\/uploads\/2020\/04\/eppu25-300x200.jpg 300w, https:\/\/www.kaukinen.net\/wp-content\/uploads\/2020\/04\/eppu25-768x512.jpg 768w\" sizes=\"(max-width: 799px) 85vw, 799px\" \/><figcaption class=\"wp-block-jetpack-slideshow_caption gallery-caption\">\u201dY\u00e4k, meni ruohoa suuhun!\u201d<\/figcaption><\/figure><\/li><li class=\"wp-block-jetpack-slideshow_slide swiper-slide\"><figure><img loading=\"lazy\" decoding=\"async\" width=\"800\" height=\"533\" alt=\"\" class=\"wp-block-jetpack-slideshow_image wp-image-1223\" data-id=\"1223\" src=\"https:\/\/www.kaukinen.net\/wp-content\/uploads\/2020\/04\/eppu24.jpg\" srcset=\"https:\/\/www.kaukinen.net\/wp-content\/uploads\/2020\/04\/eppu24.jpg 800w, https:\/\/www.kaukinen.net\/wp-content\/uploads\/2020\/04\/eppu24-300x200.jpg 300w, https:\/\/www.kaukinen.net\/wp-content\/uploads\/2020\/04\/eppu24-768x512.jpg 768w\" sizes=\"(max-width: 800px) 85vw, 800px\" \/><figcaption class=\"wp-block-jetpack-slideshow_caption gallery-caption\">7.5.2013<\/figcaption><\/figure><\/li><li class=\"wp-block-jetpack-slideshow_slide swiper-slide\"><figure><img loading=\"lazy\" decoding=\"async\" width=\"800\" height=\"533\" alt=\"\" class=\"wp-block-jetpack-slideshow_image wp-image-1224\" data-id=\"1224\" src=\"https:\/\/www.kaukinen.net\/wp-content\/uploads\/2020\/04\/eppu23.jpg\" srcset=\"https:\/\/www.kaukinen.net\/wp-content\/uploads\/2020\/04\/eppu23.jpg 800w, https:\/\/www.kaukinen.net\/wp-content\/uploads\/2020\/04\/eppu23-300x200.jpg 300w, https:\/\/www.kaukinen.net\/wp-content\/uploads\/2020\/04\/eppu23-768x512.jpg 768w\" sizes=\"(max-width: 800px) 85vw, 800px\" \/><figcaption class=\"wp-block-jetpack-slideshow_caption gallery-caption\">Eppu 24.2.2013, melkein 10-vuotias.<\/figcaption><\/figure><\/li><li class=\"wp-block-jetpack-slideshow_slide swiper-slide\"><figure><img loading=\"lazy\" decoding=\"async\" width=\"800\" height=\"533\" alt=\"\" class=\"wp-block-jetpack-slideshow_image wp-image-1225\" data-id=\"1225\" src=\"https:\/\/www.kaukinen.net\/wp-content\/uploads\/2020\/04\/eppu22.jpg\" srcset=\"https:\/\/www.kaukinen.net\/wp-content\/uploads\/2020\/04\/eppu22.jpg 800w, https:\/\/www.kaukinen.net\/wp-content\/uploads\/2020\/04\/eppu22-300x200.jpg 300w, https:\/\/www.kaukinen.net\/wp-content\/uploads\/2020\/04\/eppu22-768x512.jpg 768w\" sizes=\"(max-width: 800px) 85vw, 800px\" \/><figcaption class=\"wp-block-jetpack-slideshow_caption gallery-caption\">23.2.2013<\/figcaption><\/figure><\/li><li class=\"wp-block-jetpack-slideshow_slide swiper-slide\"><figure><img loading=\"lazy\" decoding=\"async\" width=\"800\" height=\"533\" alt=\"\" class=\"wp-block-jetpack-slideshow_image wp-image-1226\" data-id=\"1226\" src=\"https:\/\/www.kaukinen.net\/wp-content\/uploads\/2020\/04\/eppu21.jpg\" srcset=\"https:\/\/www.kaukinen.net\/wp-content\/uploads\/2020\/04\/eppu21.jpg 800w, https:\/\/www.kaukinen.net\/wp-content\/uploads\/2020\/04\/eppu21-300x200.jpg 300w, https:\/\/www.kaukinen.net\/wp-content\/uploads\/2020\/04\/eppu21-768x512.jpg 768w\" sizes=\"(max-width: 800px) 85vw, 800px\" \/><figcaption class=\"wp-block-jetpack-slideshow_caption gallery-caption\">23.2.2013<\/figcaption><\/figure><\/li><li class=\"wp-block-jetpack-slideshow_slide swiper-slide\"><figure><img loading=\"lazy\" decoding=\"async\" width=\"800\" height=\"533\" alt=\"\" class=\"wp-block-jetpack-slideshow_image wp-image-1227\" data-id=\"1227\" src=\"https:\/\/www.kaukinen.net\/wp-content\/uploads\/2020\/04\/eppu20.jpg\" srcset=\"https:\/\/www.kaukinen.net\/wp-content\/uploads\/2020\/04\/eppu20.jpg 800w, https:\/\/www.kaukinen.net\/wp-content\/uploads\/2020\/04\/eppu20-300x200.jpg 300w, https:\/\/www.kaukinen.net\/wp-content\/uploads\/2020\/04\/eppu20-768x512.jpg 768w\" sizes=\"(max-width: 800px) 85vw, 800px\" \/><figcaption class=\"wp-block-jetpack-slideshow_caption gallery-caption\">Helmikuu 2013<\/figcaption><\/figure><\/li><li class=\"wp-block-jetpack-slideshow_slide swiper-slide\"><figure><img loading=\"lazy\" decoding=\"async\" width=\"800\" height=\"533\" alt=\"\" class=\"wp-block-jetpack-slideshow_image wp-image-1228\" data-id=\"1228\" src=\"https:\/\/www.kaukinen.net\/wp-content\/uploads\/2020\/04\/eppu19.jpg\" srcset=\"https:\/\/www.kaukinen.net\/wp-content\/uploads\/2020\/04\/eppu19.jpg 800w, https:\/\/www.kaukinen.net\/wp-content\/uploads\/2020\/04\/eppu19-300x200.jpg 300w, https:\/\/www.kaukinen.net\/wp-content\/uploads\/2020\/04\/eppu19-768x512.jpg 768w\" sizes=\"(max-width: 800px) 85vw, 800px\" \/><figcaption class=\"wp-block-jetpack-slideshow_caption gallery-caption\">Marraskuu 2012. Eppu valvoo kun Pontus leikkii.<\/figcaption><\/figure><\/li><li class=\"wp-block-jetpack-slideshow_slide swiper-slide\"><figure><img loading=\"lazy\" decoding=\"async\" width=\"710\" height=\"533\" alt=\"\" class=\"wp-block-jetpack-slideshow_image wp-image-1229\" data-id=\"1229\" src=\"https:\/\/www.kaukinen.net\/wp-content\/uploads\/2020\/04\/eppu18.jpg\" srcset=\"https:\/\/www.kaukinen.net\/wp-content\/uploads\/2020\/04\/eppu18.jpg 710w, https:\/\/www.kaukinen.net\/wp-content\/uploads\/2020\/04\/eppu18-300x225.jpg 300w\" sizes=\"(max-width: 710px) 85vw, 710px\" \/><figcaption class=\"wp-block-jetpack-slideshow_caption gallery-caption\">Kotkan kisoissa 19.5.2012<\/figcaption><\/figure><\/li><li class=\"wp-block-jetpack-slideshow_slide swiper-slide\"><figure><img loading=\"lazy\" decoding=\"async\" width=\"800\" height=\"533\" alt=\"\" class=\"wp-block-jetpack-slideshow_image wp-image-1230\" data-id=\"1230\" src=\"https:\/\/www.kaukinen.net\/wp-content\/uploads\/2020\/04\/eppu17.jpg\" srcset=\"https:\/\/www.kaukinen.net\/wp-content\/uploads\/2020\/04\/eppu17.jpg 800w, https:\/\/www.kaukinen.net\/wp-content\/uploads\/2020\/04\/eppu17-300x200.jpg 300w, https:\/\/www.kaukinen.net\/wp-content\/uploads\/2020\/04\/eppu17-768x512.jpg 768w\" sizes=\"(max-width: 800px) 85vw, 800px\" \/><figcaption class=\"wp-block-jetpack-slideshow_caption gallery-caption\">Markku kuvasi Epun Tromssan kisoissa hein\u00e4kuussa 2010<\/figcaption><\/figure><\/li><li class=\"wp-block-jetpack-slideshow_slide swiper-slide\"><figure><img loading=\"lazy\" decoding=\"async\" width=\"799\" height=\"533\" alt=\"\" class=\"wp-block-jetpack-slideshow_image wp-image-1231\" data-id=\"1231\" src=\"https:\/\/www.kaukinen.net\/wp-content\/uploads\/2020\/04\/eppu16.jpg\" srcset=\"https:\/\/www.kaukinen.net\/wp-content\/uploads\/2020\/04\/eppu16.jpg 799w, https:\/\/www.kaukinen.net\/wp-content\/uploads\/2020\/04\/eppu16-300x200.jpg 300w, https:\/\/www.kaukinen.net\/wp-content\/uploads\/2020\/04\/eppu16-768x512.jpg 768w\" sizes=\"(max-width: 799px) 85vw, 799px\" \/><figcaption class=\"wp-block-jetpack-slideshow_caption gallery-caption\">Eppu l\u00e4mpim\u00e4n\u00e4 toukokuisena p\u00e4iv\u00e4n\u00e4 vuonna 2010<\/figcaption><\/figure><\/li><li class=\"wp-block-jetpack-slideshow_slide swiper-slide\"><figure><img loading=\"lazy\" decoding=\"async\" width=\"800\" height=\"533\" alt=\"\" class=\"wp-block-jetpack-slideshow_image wp-image-1232\" data-id=\"1232\" src=\"https:\/\/www.kaukinen.net\/wp-content\/uploads\/2020\/04\/eppu15.jpg\" srcset=\"https:\/\/www.kaukinen.net\/wp-content\/uploads\/2020\/04\/eppu15.jpg 800w, https:\/\/www.kaukinen.net\/wp-content\/uploads\/2020\/04\/eppu15-300x200.jpg 300w, https:\/\/www.kaukinen.net\/wp-content\/uploads\/2020\/04\/eppu15-768x512.jpg 768w\" sizes=\"(max-width: 800px) 85vw, 800px\" \/><figcaption class=\"wp-block-jetpack-slideshow_caption gallery-caption\">Hyvink\u00e4\u00e4n koirakylpyl\u00e4ss\u00e4 marraskuussa 2009<\/figcaption><\/figure><\/li><li class=\"wp-block-jetpack-slideshow_slide swiper-slide\"><figure><img loading=\"lazy\" decoding=\"async\" width=\"355\" height=\"533\" alt=\"\" class=\"wp-block-jetpack-slideshow_image wp-image-1233\" data-id=\"1233\" src=\"https:\/\/www.kaukinen.net\/wp-content\/uploads\/2020\/04\/eppu14.jpg\" srcset=\"https:\/\/www.kaukinen.net\/wp-content\/uploads\/2020\/04\/eppu14.jpg 355w, https:\/\/www.kaukinen.net\/wp-content\/uploads\/2020\/04\/eppu14-200x300.jpg 200w\" sizes=\"(max-width: 355px) 85vw, 355px\" \/><figcaption class=\"wp-block-jetpack-slideshow_caption gallery-caption\">Eppu nousi kakkosiin Riihim\u00e4ell\u00e4 3.10.2009<\/figcaption><\/figure><\/li><li class=\"wp-block-jetpack-slideshow_slide swiper-slide\"><figure><img loading=\"lazy\" decoding=\"async\" width=\"800\" height=\"533\" alt=\"\" class=\"wp-block-jetpack-slideshow_image wp-image-1234\" data-id=\"1234\" src=\"https:\/\/www.kaukinen.net\/wp-content\/uploads\/2020\/04\/eppu13.jpg\" srcset=\"https:\/\/www.kaukinen.net\/wp-content\/uploads\/2020\/04\/eppu13.jpg 800w, https:\/\/www.kaukinen.net\/wp-content\/uploads\/2020\/04\/eppu13-300x200.jpg 300w, https:\/\/www.kaukinen.net\/wp-content\/uploads\/2020\/04\/eppu13-768x512.jpg 768w\" sizes=\"(max-width: 800px) 85vw, 800px\" \/><figcaption class=\"wp-block-jetpack-slideshow_caption gallery-caption\">Herra Eppu asiallisena.<\/figcaption><\/figure><\/li><li class=\"wp-block-jetpack-slideshow_slide swiper-slide\"><figure><img loading=\"lazy\" decoding=\"async\" width=\"600\" height=\"400\" alt=\"\" class=\"wp-block-jetpack-slideshow_image wp-image-1235\" data-id=\"1235\" src=\"https:\/\/www.kaukinen.net\/wp-content\/uploads\/2020\/04\/eppu12.jpg\" srcset=\"https:\/\/www.kaukinen.net\/wp-content\/uploads\/2020\/04\/eppu12.jpg 600w, https:\/\/www.kaukinen.net\/wp-content\/uploads\/2020\/04\/eppu12-300x200.jpg 300w\" sizes=\"(max-width: 600px) 85vw, 600px\" \/><figcaption class=\"wp-block-jetpack-slideshow_caption gallery-caption\">Syyskuu 2005<\/figcaption><\/figure><\/li><li class=\"wp-block-jetpack-slideshow_slide swiper-slide\"><figure><img loading=\"lazy\" decoding=\"async\" width=\"600\" height=\"400\" alt=\"\" class=\"wp-block-jetpack-slideshow_image wp-image-1236\" data-id=\"1236\" src=\"https:\/\/www.kaukinen.net\/wp-content\/uploads\/2020\/04\/eppu11.jpg\" srcset=\"https:\/\/www.kaukinen.net\/wp-content\/uploads\/2020\/04\/eppu11.jpg 600w, https:\/\/www.kaukinen.net\/wp-content\/uploads\/2020\/04\/eppu11-300x200.jpg 300w\" sizes=\"(max-width: 600px) 85vw, 600px\" \/><figcaption class=\"wp-block-jetpack-slideshow_caption gallery-caption\">Eppu asuntovaunussa. Muut ovat jo nousseet jo yl\u00f6s, mutta Eppu her\u00e4\u00e4 aina viimeiseksi.<\/figcaption><\/figure><\/li><li class=\"wp-block-jetpack-slideshow_slide swiper-slide\"><figure><img loading=\"lazy\" decoding=\"async\" width=\"600\" height=\"400\" alt=\"\" class=\"wp-block-jetpack-slideshow_image wp-image-1237\" data-id=\"1237\" src=\"https:\/\/www.kaukinen.net\/wp-content\/uploads\/2020\/04\/eppu10.jpg\" srcset=\"https:\/\/www.kaukinen.net\/wp-content\/uploads\/2020\/04\/eppu10.jpg 600w, https:\/\/www.kaukinen.net\/wp-content\/uploads\/2020\/04\/eppu10-300x200.jpg 300w\" sizes=\"(max-width: 600px) 85vw, 600px\" \/><figcaption class=\"wp-block-jetpack-slideshow_caption gallery-caption\">\u201cSiis mik\u00e4 tuo nyt on olevinaan&#8230; onko se lelu vai pit\u00e4isk\u00f6 se muka sy\u00f6d\u00e4?\u201d<\/figcaption><\/figure><\/li><li class=\"wp-block-jetpack-slideshow_slide swiper-slide\"><figure><img loading=\"lazy\" decoding=\"async\" width=\"600\" height=\"400\" alt=\"\" class=\"wp-block-jetpack-slideshow_image wp-image-1238\" data-id=\"1238\" src=\"https:\/\/www.kaukinen.net\/wp-content\/uploads\/2020\/04\/eppu09.jpg\" srcset=\"https:\/\/www.kaukinen.net\/wp-content\/uploads\/2020\/04\/eppu09.jpg 600w, https:\/\/www.kaukinen.net\/wp-content\/uploads\/2020\/04\/eppu09-300x200.jpg 300w\" sizes=\"(max-width: 600px) 85vw, 600px\" \/><figcaption class=\"wp-block-jetpack-slideshow_caption gallery-caption\">Huhtikuu 2007. Eppu juoksentelee onnellisena ymp\u00e4ri pihaa.<\/figcaption><\/figure><\/li><li class=\"wp-block-jetpack-slideshow_slide swiper-slide\"><figure><img loading=\"lazy\" decoding=\"async\" width=\"600\" height=\"400\" alt=\"\" class=\"wp-block-jetpack-slideshow_image wp-image-1239\" data-id=\"1239\" src=\"https:\/\/www.kaukinen.net\/wp-content\/uploads\/2020\/04\/eppu08.jpg\" srcset=\"https:\/\/www.kaukinen.net\/wp-content\/uploads\/2020\/04\/eppu08.jpg 600w, https:\/\/www.kaukinen.net\/wp-content\/uploads\/2020\/04\/eppu08-300x200.jpg 300w\" sizes=\"(max-width: 600px) 85vw, 600px\" \/><figcaption class=\"wp-block-jetpack-slideshow_caption gallery-caption\">Eppu on h\u00e4ik\u00e4istynyt talviauringosta.<\/figcaption><\/figure><\/li><li class=\"wp-block-jetpack-slideshow_slide swiper-slide\"><figure><img loading=\"lazy\" decoding=\"async\" width=\"600\" height=\"400\" alt=\"\" class=\"wp-block-jetpack-slideshow_image wp-image-1240\" data-id=\"1240\" src=\"https:\/\/www.kaukinen.net\/wp-content\/uploads\/2020\/04\/eppu07.jpg\" srcset=\"https:\/\/www.kaukinen.net\/wp-content\/uploads\/2020\/04\/eppu07.jpg 600w, https:\/\/www.kaukinen.net\/wp-content\/uploads\/2020\/04\/eppu07-300x200.jpg 300w\" sizes=\"(max-width: 600px) 85vw, 600px\" \/><figcaption class=\"wp-block-jetpack-slideshow_caption gallery-caption\">2.4.2006. Eppu ja siskontytt\u00f6 Tara.<\/figcaption><\/figure><\/li><li class=\"wp-block-jetpack-slideshow_slide swiper-slide\"><figure><img loading=\"lazy\" decoding=\"async\" width=\"600\" height=\"400\" alt=\"\" class=\"wp-block-jetpack-slideshow_image wp-image-1241\" data-id=\"1241\" src=\"https:\/\/www.kaukinen.net\/wp-content\/uploads\/2020\/04\/eppu06.jpg\" srcset=\"https:\/\/www.kaukinen.net\/wp-content\/uploads\/2020\/04\/eppu06.jpg 600w, https:\/\/www.kaukinen.net\/wp-content\/uploads\/2020\/04\/eppu06-300x200.jpg 300w\" sizes=\"(max-width: 600px) 85vw, 600px\" \/><figcaption class=\"wp-block-jetpack-slideshow_caption gallery-caption\">Syyskuu 2005. Eppu leikkii omenalla.<\/figcaption><\/figure><\/li><li class=\"wp-block-jetpack-slideshow_slide swiper-slide\"><figure><img loading=\"lazy\" decoding=\"async\" width=\"354\" height=\"531\" alt=\"\" class=\"wp-block-jetpack-slideshow_image wp-image-1242\" data-id=\"1242\" src=\"https:\/\/www.kaukinen.net\/wp-content\/uploads\/2020\/04\/eppu05.jpg\" srcset=\"https:\/\/www.kaukinen.net\/wp-content\/uploads\/2020\/04\/eppu05.jpg 354w, https:\/\/www.kaukinen.net\/wp-content\/uploads\/2020\/04\/eppu05-200x300.jpg 200w\" sizes=\"(max-width: 354px) 85vw, 354px\" \/><figcaption class=\"wp-block-jetpack-slideshow_caption gallery-caption\">Eppu vauhdissa helmikuussa 2005. Vanhat sukat kelpaavat hyvin leluiksi.<\/figcaption><\/figure><\/li><li class=\"wp-block-jetpack-slideshow_slide swiper-slide\"><figure><img loading=\"lazy\" decoding=\"async\" width=\"450\" height=\"302\" alt=\"\" class=\"wp-block-jetpack-slideshow_image wp-image-1243\" data-id=\"1243\" src=\"https:\/\/www.kaukinen.net\/wp-content\/uploads\/2020\/04\/eppu04.jpg\" srcset=\"https:\/\/www.kaukinen.net\/wp-content\/uploads\/2020\/04\/eppu04.jpg 450w, https:\/\/www.kaukinen.net\/wp-content\/uploads\/2020\/04\/eppu04-300x201.jpg 300w\" sizes=\"(max-width: 450px) 85vw, 450px\" \/><figcaption class=\"wp-block-jetpack-slideshow_caption gallery-caption\">9.6.2003<\/figcaption><\/figure><\/li><li class=\"wp-block-jetpack-slideshow_slide swiper-slide\"><figure><img loading=\"lazy\" decoding=\"async\" width=\"450\" height=\"302\" alt=\"\" class=\"wp-block-jetpack-slideshow_image wp-image-1244\" data-id=\"1244\" src=\"https:\/\/www.kaukinen.net\/wp-content\/uploads\/2020\/04\/eppu03.jpg\" srcset=\"https:\/\/www.kaukinen.net\/wp-content\/uploads\/2020\/04\/eppu03.jpg 450w, https:\/\/www.kaukinen.net\/wp-content\/uploads\/2020\/04\/eppu03-300x201.jpg 300w\" sizes=\"(max-width: 450px) 85vw, 450px\" \/><figcaption class=\"wp-block-jetpack-slideshow_caption gallery-caption\">Eppu noin yhdeks\u00e4n viikon ik\u00e4isen\u00e4.<\/figcaption><\/figure><\/li><li class=\"wp-block-jetpack-slideshow_slide swiper-slide\"><figure><img loading=\"lazy\" decoding=\"async\" width=\"450\" height=\"302\" alt=\"\" class=\"wp-block-jetpack-slideshow_image wp-image-1245\" data-id=\"1245\" src=\"https:\/\/www.kaukinen.net\/wp-content\/uploads\/2020\/04\/eppu02.jpg\" srcset=\"https:\/\/www.kaukinen.net\/wp-content\/uploads\/2020\/04\/eppu02.jpg 450w, https:\/\/www.kaukinen.net\/wp-content\/uploads\/2020\/04\/eppu02-300x201.jpg 300w\" sizes=\"(max-width: 450px) 85vw, 450px\" \/><figcaption class=\"wp-block-jetpack-slideshow_caption gallery-caption\">Eppu ja Ella<\/figcaption><\/figure><\/li><li class=\"wp-block-jetpack-slideshow_slide swiper-slide\"><figure><img loading=\"lazy\" decoding=\"async\" width=\"450\" height=\"302\" alt=\"\" class=\"wp-block-jetpack-slideshow_image wp-image-1246\" data-id=\"1246\" src=\"https:\/\/www.kaukinen.net\/wp-content\/uploads\/2020\/04\/eppu01.jpg\" srcset=\"https:\/\/www.kaukinen.net\/wp-content\/uploads\/2020\/04\/eppu01.jpg 450w, https:\/\/www.kaukinen.net\/wp-content\/uploads\/2020\/04\/eppu01-300x201.jpg 300w\" sizes=\"(max-width: 450px) 85vw, 450px\" \/><figcaption class=\"wp-block-jetpack-slideshow_caption gallery-caption\">Eppu noin viiden viikon ik\u00e4isen\u00e4.<\/figcaption><\/figure><\/li><\/ul><a class=\"wp-block-jetpack-slideshow_button-prev swiper-button-prev swiper-button-white\" role=\"button\"><\/a><a class=\"wp-block-jetpack-slideshow_button-next swiper-button-next swiper-button-white\" role=\"button\"><\/a><a aria-label=\"Pause Slideshow\" class=\"wp-block-jetpack-slideshow_button-pause\" role=\"button\"><\/a><div class=\"wp-block-jetpack-slideshow_pagination swiper-pagination swiper-pagination-white\"><\/div><\/div><\/div>\n\n\n\n<p>Eppu <a href=\"https:\/\/jalostus.kennelliitto.fi\/frmKoira.aspx?RekNo=ER17297%2F03&amp;R=356\">KoiraNetiss\u00e4<\/a><\/p>\n","protected":false},"excerpt":{"rendered":"<p>5.3.2003 &#8211; 26.8.2014 Eppu oli todella avoin ja ihmisrakas sek\u00e4 energinen viel\u00e4 11-vuotiaanakin. Polven luukasvain vei ahkeran vahtikoiramme. Kun Eppu saapui meille vajaan kahdeksan viikon ik\u00e4isen\u00e4, se tuntui aivan &#8221;valmiilta&#8221; koiralta, ei milt\u00e4\u00e4n k\u00f6mpel\u00f6lt\u00e4 pikkupennulta. Yritykset kiivet\u00e4 nojatuoleille ja sohvalle alkoivat heti kotiintulop\u00e4iv\u00e4n\u00e4, eik\u00e4 siihen pitk\u00e4\u00e4n mennytk\u00e4\u00e4n kun taito oli opittu. Sen j\u00e4lkeen oli vuorossa &hellip; <a href=\"https:\/\/www.kaukinen.net\/?page_id=1247\" class=\"more-link\">Jatka lukemista<span class=\"screen-reader-text\"> &#8221;Yacatis Absolut Caramel &#8221;Eppu&#8221;&#8221;<\/span><\/a><\/p>\n","protected":false},"author":1,"featured_media":0,"parent":1181,"menu_order":0,"comment_status":"closed","ping_status":"closed","template":"","meta":{"footnotes":""},"jetpack_sharing_enabled":true,"_links":{"self":[{"href":"https:\/\/www.kaukinen.net\/index.php?rest_route=\/wp\/v2\/pages\/1247"}],"collection":[{"href":"https:\/\/www.kaukinen.net\/index.php?rest_route=\/wp\/v2\/pages"}],"about":[{"href":"https:\/\/www.kaukinen.net\/index.php?rest_route=\/wp\/v2\/types\/page"}],"author":[{"embeddable":true,"href":"https:\/\/www.kaukinen.net\/index.php?rest_route=\/wp\/v2\/users\/1"}],"replies":[{"embeddable":true,"href":"https:\/\/www.kaukinen.net\/index.php?rest_route=%2Fwp%2Fv2%2Fcomments&post=1247"}],"version-history":[{"count":3,"href":"https:\/\/www.kaukinen.net\/index.php?rest_route=\/wp\/v2\/pages\/1247\/revisions"}],"predecessor-version":[{"id":1252,"href":"https:\/\/www.kaukinen.net\/index.php?rest_route=\/wp\/v2\/pages\/1247\/revisions\/1252"}],"up":[{"embeddable":true,"href":"https:\/\/www.kaukinen.net\/index.php?rest_route=\/wp\/v2\/pages\/1181"}],"wp:attachment":[{"href":"https:\/\/www.kaukinen.net\/index.php?rest_route=%2Fwp%2Fv2%2Fmedia&parent=1247"}],"curies":[{"name":"wp","href":"https:\/\/api.w.org\/{rel}","templated":true}]}}