{"id":1257,"date":"2020-04-04T07:07:06","date_gmt":"2020-04-04T07:07:06","guid":{"rendered":"https:\/\/www.kaukinen.net\/?page_id=1257"},"modified":"2023-07-09T10:23:57","modified_gmt":"2023-07-09T10:23:57","slug":"fin-mva-sannilan-daddy-cool-daddy","status":"publish","type":"page","link":"https:\/\/www.kaukinen.net\/?page_id=1257","title":{"rendered":"FIN MVA Sannilan Daddy Cool &#8221;Daddy&#8221;"},"content":{"rendered":"\n<p>25.3.1996 &#8211; 18.3.2009<\/p>\n\n\n\n<p>Daddy oli kiltti ja yst\u00e4v\u00e4llinen joskin melko j\u00e4\u00e4r\u00e4p\u00e4inen corgiherra. Daddy eli melkein 13-vuotiaaksi asti, mutta takajalkojen toiminta alkoi olla liian heikkoa.<\/p>\n\n\n\n<p>Kun Daddy muutti meille, sill\u00e4 oli aluksi suuria vaikeuksia oppia yksinoloon. Vasta kun se oli rikkonut her\u00e4tyskellon, repun ja vesis\u00e4ngyn, tehnyt rei\u00e4t sohvaan ja sohvatyynyihin, silpunnut suuren m\u00e4\u00e4r\u00e4n paperia sek\u00e4 j\u00e4rsinyt matonreunaan rei\u00e4n, se alkoi uskoa, ettei yksinolo lopulta olekaan niin kauheaa. T\u00e4m\u00e4n j\u00e4lkeen Daddyst\u00e4 tulikin todella helppo koira, jonka kanssa oli mukava matkustaa ja k\u00e4yd\u00e4 kyl\u00e4ss\u00e4. Aika pian Daddy sai my\u00f6s seuraa, kun taloon tuli Otto-corgi.<\/p>\n\n\n\n<p>Oman k\u00e4sityksens\u00e4 mukaan Daddy sai hieman huonoa kohtelua, sill\u00e4 sit\u00e4 ei rapsutettu yleens\u00e4 riitt\u00e4v\u00e4sti &#8211; t\u00e4m\u00e4n se osoitti my\u00f6s kyl\u00e4ss\u00e4 k\u00e4yville ihmisille. Lis\u00e4ksi niin ruoka-aikoja kuin ruuan m\u00e4\u00e4r\u00e4\u00e4kin olisi voinut Daddyn mielest\u00e4 lis\u00e4t\u00e4. Salaatti kelpasi mainiosti v\u00e4lipalaksi.<\/p>\n\n\n\n<p>Kotioloissa Daddy oli mieluiten sohvakoirana, mutta agility\u00e4 se harrasti eritt\u00e4in innokkaasti. Kun Daddyn n\u00e4ki radalla, ei heti tullut mieleen, ett\u00e4 t\u00e4m\u00e4n koiran mielipuuhat olivat agilityn ohella nukkuminen ja sy\u00f6minen.<\/p>\n\n\n\n<p>Puten tultua laumaan Daddy jaksoi olla todella k\u00e4rsiv\u00e4llinen vilkkaan pennun suhteen. Toisaalta Daddy my\u00f6s auttoi Puten koulutuksessa ry\u00f6v\u00e4\u00e4m\u00e4ll\u00e4 t\u00e4lt\u00e4 leluja ja osoittaen kaikin puolin pennulle sen aseman. Lopulta Daddy katsoi, ett\u00e4 nuorelle \u00f6ykk\u00e4rille oli n\u00e4ytetty sille kuuluva paikka, joten se alkoi jopa leikki\u00e4 Puten kanssa. Epun kanssa sitten ei ihan niin helposti mennytk\u00e4\u00e4n, vaan Daddy antoi sen kiusata itse\u00e4\u00e4n ihan liikaa. V\u00e4lill\u00e4 oli ment\u00e4v\u00e4 pelastamaan Daddy-parka pulasta, kun se ei saanut pient\u00e4 riivi\u00f6t\u00e4 kuriin. Jussin kanssa taas Daddy p\u00e4rj\u00e4si hyvin.<\/p>\n\n\n\n<div class=\"wp-block-jetpack-slideshow aligncenter\" data-effect=\"slide\"><div class=\"wp-block-jetpack-slideshow_container swiper-container\"><ul class=\"wp-block-jetpack-slideshow_swiper-wrapper swiper-wrapper\"><li class=\"wp-block-jetpack-slideshow_slide swiper-slide\"><figure><img loading=\"lazy\" decoding=\"async\" width=\"800\" height=\"533\" alt=\"\" class=\"wp-block-jetpack-slideshow_image wp-image-1260\" data-id=\"1260\" src=\"https:\/\/www.kaukinen.net\/wp-content\/uploads\/2020\/04\/daddy12.jpg\" srcset=\"https:\/\/www.kaukinen.net\/wp-content\/uploads\/2020\/04\/daddy12.jpg 800w, https:\/\/www.kaukinen.net\/wp-content\/uploads\/2020\/04\/daddy12-300x200.jpg 300w, https:\/\/www.kaukinen.net\/wp-content\/uploads\/2020\/04\/daddy12-768x512.jpg 768w\" sizes=\"(max-width: 800px) 85vw, 800px\" \/><figcaption class=\"wp-block-jetpack-slideshow_caption gallery-caption\">Helmikuu 2009<\/figcaption><\/figure><\/li><li class=\"wp-block-jetpack-slideshow_slide swiper-slide\"><figure><img loading=\"lazy\" decoding=\"async\" width=\"355\" height=\"533\" alt=\"\" class=\"wp-block-jetpack-slideshow_image wp-image-1261\" data-id=\"1261\" src=\"https:\/\/www.kaukinen.net\/wp-content\/uploads\/2020\/04\/daddy11.jpg\" srcset=\"https:\/\/www.kaukinen.net\/wp-content\/uploads\/2020\/04\/daddy11.jpg 355w, https:\/\/www.kaukinen.net\/wp-content\/uploads\/2020\/04\/daddy11-200x300.jpg 200w\" sizes=\"(max-width: 355px) 85vw, 355px\" \/><figcaption class=\"wp-block-jetpack-slideshow_caption gallery-caption\">Joulu 2008<\/figcaption><\/figure><\/li><li class=\"wp-block-jetpack-slideshow_slide swiper-slide\"><figure><img loading=\"lazy\" decoding=\"async\" width=\"600\" height=\"400\" alt=\"\" class=\"wp-block-jetpack-slideshow_image wp-image-1262\" data-id=\"1262\" src=\"https:\/\/www.kaukinen.net\/wp-content\/uploads\/2020\/04\/daddy10.jpg\" srcset=\"https:\/\/www.kaukinen.net\/wp-content\/uploads\/2020\/04\/daddy10.jpg 600w, https:\/\/www.kaukinen.net\/wp-content\/uploads\/2020\/04\/daddy10-300x200.jpg 300w\" sizes=\"(max-width: 600px) 85vw, 600px\" \/><figcaption class=\"wp-block-jetpack-slideshow_caption gallery-caption\">Aivan mahdottoman kiero koira tuo Daddy!<\/figcaption><\/figure><\/li><li class=\"wp-block-jetpack-slideshow_slide swiper-slide\"><figure><img loading=\"lazy\" decoding=\"async\" width=\"600\" height=\"400\" alt=\"\" class=\"wp-block-jetpack-slideshow_image wp-image-1263\" data-id=\"1263\" src=\"https:\/\/www.kaukinen.net\/wp-content\/uploads\/2020\/04\/daddy09.jpg\" srcset=\"https:\/\/www.kaukinen.net\/wp-content\/uploads\/2020\/04\/daddy09.jpg 600w, https:\/\/www.kaukinen.net\/wp-content\/uploads\/2020\/04\/daddy09-300x200.jpg 300w\" sizes=\"(max-width: 600px) 85vw, 600px\" \/><figcaption class=\"wp-block-jetpack-slideshow_caption gallery-caption\">Daddy Pallastunturilla elokuussa 2006<\/figcaption><\/figure><\/li><li class=\"wp-block-jetpack-slideshow_slide swiper-slide\"><figure><img loading=\"lazy\" decoding=\"async\" width=\"450\" height=\"302\" alt=\"\" class=\"wp-block-jetpack-slideshow_image wp-image-1264\" data-id=\"1264\" src=\"https:\/\/www.kaukinen.net\/wp-content\/uploads\/2020\/04\/daddy08.jpg\" srcset=\"https:\/\/www.kaukinen.net\/wp-content\/uploads\/2020\/04\/daddy08.jpg 450w, https:\/\/www.kaukinen.net\/wp-content\/uploads\/2020\/04\/daddy08-300x201.jpg 300w\" sizes=\"(max-width: 450px) 85vw, 450px\" \/><figcaption class=\"wp-block-jetpack-slideshow_caption gallery-caption\">Janakkalan Koirakerhon kisoissa 12.8.2000 Markku ja Daddy voittivat kakkosluokan aamukisan. Erityisen hienoksi hetken tekee corgien kaksoisvoitto, toisena siis Veijo Koistinen ja Timi (RiiSK). Kolmanneksi tulivat Veijo Heikkinen ja k\u00e4\u00e4pi\u00f6villakoira Poju (Kanav). Tuomarina Ritva Herrala. (Valok. Tiina Koistinen)<\/figcaption><\/figure><\/li><li class=\"wp-block-jetpack-slideshow_slide swiper-slide\"><figure><img loading=\"lazy\" decoding=\"async\" width=\"302\" height=\"450\" alt=\"\" class=\"wp-block-jetpack-slideshow_image wp-image-1265\" data-id=\"1265\" src=\"https:\/\/www.kaukinen.net\/wp-content\/uploads\/2020\/04\/daddy07.jpg\" srcset=\"https:\/\/www.kaukinen.net\/wp-content\/uploads\/2020\/04\/daddy07.jpg 302w, https:\/\/www.kaukinen.net\/wp-content\/uploads\/2020\/04\/daddy07-201x300.jpg 201w\" sizes=\"(max-width: 302px) 85vw, 302px\" \/><figcaption class=\"wp-block-jetpack-slideshow_caption gallery-caption\"> Markku ja Daddy nappasivat minien voiton ep\u00e4virallisessa HAU Open -kilpailusarjassa vuonna 2000. (Valok. Anne Savioja)<\/figcaption><\/figure><\/li><li class=\"wp-block-jetpack-slideshow_slide swiper-slide\"><figure><img loading=\"lazy\" decoding=\"async\" width=\"450\" height=\"302\" alt=\"\" class=\"wp-block-jetpack-slideshow_image wp-image-1266\" data-id=\"1266\" src=\"https:\/\/www.kaukinen.net\/wp-content\/uploads\/2020\/04\/daddy06.jpg\" srcset=\"https:\/\/www.kaukinen.net\/wp-content\/uploads\/2020\/04\/daddy06.jpg 450w, https:\/\/www.kaukinen.net\/wp-content\/uploads\/2020\/04\/daddy06-300x201.jpg 300w\" sizes=\"(max-width: 450px) 85vw, 450px\" \/><figcaption class=\"wp-block-jetpack-slideshow_caption gallery-caption\">ATD:n kisoissa Oulunkyl\u00e4ss\u00e4 20.5.2000 mini-ykk\u00f6sluokan voiton veiv\u00e4t Terhi Laine ja tanskalais-ruotsalainen pihakoira Hilda (TamSK), ja toiseksi tulivat Maarit Kirsi ja k\u00e4\u00e4pi\u00f6villakoira Fonzi (ATD). Markku ja Daddy ottivat kolmostilan ja saivat siirron kakkosiin. Tuomarina Soini Saarela. (Valok. Airi Immonen)<\/figcaption><\/figure><\/li><li class=\"wp-block-jetpack-slideshow_slide swiper-slide\"><figure><img loading=\"lazy\" decoding=\"async\" width=\"302\" height=\"450\" alt=\"\" class=\"wp-block-jetpack-slideshow_image wp-image-1267\" data-id=\"1267\" src=\"https:\/\/www.kaukinen.net\/wp-content\/uploads\/2020\/04\/daddy05.jpg\" srcset=\"https:\/\/www.kaukinen.net\/wp-content\/uploads\/2020\/04\/daddy05.jpg 302w, https:\/\/www.kaukinen.net\/wp-content\/uploads\/2020\/04\/daddy05-201x300.jpg 201w\" sizes=\"(max-width: 302px) 85vw, 302px\" \/><figcaption class=\"wp-block-jetpack-slideshow_caption gallery-caption\">Hein\u00e4kuu 1997<\/figcaption><\/figure><\/li><li class=\"wp-block-jetpack-slideshow_slide swiper-slide\"><figure><img loading=\"lazy\" decoding=\"async\" width=\"450\" height=\"302\" alt=\"\" class=\"wp-block-jetpack-slideshow_image wp-image-1268\" data-id=\"1268\" src=\"https:\/\/www.kaukinen.net\/wp-content\/uploads\/2020\/04\/daddy04.jpg\" srcset=\"https:\/\/www.kaukinen.net\/wp-content\/uploads\/2020\/04\/daddy04.jpg 450w, https:\/\/www.kaukinen.net\/wp-content\/uploads\/2020\/04\/daddy04-300x201.jpg 300w\" sizes=\"(max-width: 450px) 85vw, 450px\" \/><\/figure><\/li><li class=\"wp-block-jetpack-slideshow_slide swiper-slide\"><figure><img loading=\"lazy\" decoding=\"async\" width=\"302\" height=\"450\" alt=\"\" class=\"wp-block-jetpack-slideshow_image wp-image-1269\" data-id=\"1269\" src=\"https:\/\/www.kaukinen.net\/wp-content\/uploads\/2020\/04\/daddy03.jpg\" srcset=\"https:\/\/www.kaukinen.net\/wp-content\/uploads\/2020\/04\/daddy03.jpg 302w, https:\/\/www.kaukinen.net\/wp-content\/uploads\/2020\/04\/daddy03-201x300.jpg 201w\" sizes=\"(max-width: 302px) 85vw, 302px\" \/><figcaption class=\"wp-block-jetpack-slideshow_caption gallery-caption\">Hein\u00e4kuu 1997<\/figcaption><\/figure><\/li><li class=\"wp-block-jetpack-slideshow_slide swiper-slide\"><figure><img loading=\"lazy\" decoding=\"async\" width=\"450\" height=\"302\" alt=\"\" class=\"wp-block-jetpack-slideshow_image wp-image-1270\" data-id=\"1270\" src=\"https:\/\/www.kaukinen.net\/wp-content\/uploads\/2020\/04\/daddy02.jpg\" srcset=\"https:\/\/www.kaukinen.net\/wp-content\/uploads\/2020\/04\/daddy02.jpg 450w, https:\/\/www.kaukinen.net\/wp-content\/uploads\/2020\/04\/daddy02-300x201.jpg 300w\" sizes=\"(max-width: 450px) 85vw, 450px\" \/><figcaption class=\"wp-block-jetpack-slideshow_caption gallery-caption\">Maaliskuu 1997<\/figcaption><\/figure><\/li><li class=\"wp-block-jetpack-slideshow_slide swiper-slide\"><figure><img loading=\"lazy\" decoding=\"async\" width=\"302\" height=\"450\" alt=\"\" class=\"wp-block-jetpack-slideshow_image wp-image-1271\" data-id=\"1271\" src=\"https:\/\/www.kaukinen.net\/wp-content\/uploads\/2020\/04\/daddy01.jpg\" srcset=\"https:\/\/www.kaukinen.net\/wp-content\/uploads\/2020\/04\/daddy01.jpg 302w, https:\/\/www.kaukinen.net\/wp-content\/uploads\/2020\/04\/daddy01-201x300.jpg 201w\" sizes=\"(max-width: 302px) 85vw, 302px\" \/><figcaption class=\"wp-block-jetpack-slideshow_caption gallery-caption\">Daddy 11 kuukauden ik\u00e4isen\u00e4.<\/figcaption><\/figure><\/li><\/ul><a class=\"wp-block-jetpack-slideshow_button-prev swiper-button-prev swiper-button-white\" role=\"button\"><\/a><a class=\"wp-block-jetpack-slideshow_button-next swiper-button-next swiper-button-white\" role=\"button\"><\/a><a aria-label=\"Pause Slideshow\" class=\"wp-block-jetpack-slideshow_button-pause\" role=\"button\"><\/a><div class=\"wp-block-jetpack-slideshow_pagination swiper-pagination swiper-pagination-white\"><\/div><\/div><\/div>\n\n\n\n<p>Daddy <a href=\"https:\/\/jalostus.kennelliitto.fi\/frmKoira.aspx?RekNo=FIN30522\/96&amp;R=39\">KoiraNetiss\u00e4<\/a><\/p>\n","protected":false},"excerpt":{"rendered":"<p>25.3.1996 &#8211; 18.3.2009 Daddy oli kiltti ja yst\u00e4v\u00e4llinen joskin melko j\u00e4\u00e4r\u00e4p\u00e4inen corgiherra. Daddy eli melkein 13-vuotiaaksi asti, mutta takajalkojen toiminta alkoi olla liian heikkoa. Kun Daddy muutti meille, sill\u00e4 oli aluksi suuria vaikeuksia oppia yksinoloon. Vasta kun se oli rikkonut her\u00e4tyskellon, repun ja vesis\u00e4ngyn, tehnyt rei\u00e4t sohvaan ja sohvatyynyihin, silpunnut suuren m\u00e4\u00e4r\u00e4n paperia sek\u00e4 j\u00e4rsinyt &hellip; <a href=\"https:\/\/www.kaukinen.net\/?page_id=1257\" class=\"more-link\">Jatka lukemista<span class=\"screen-reader-text\"> &#8221;FIN MVA Sannilan Daddy Cool &#8221;Daddy&#8221;&#8221;<\/span><\/a><\/p>\n","protected":false},"author":1,"featured_media":0,"parent":1181,"menu_order":0,"comment_status":"closed","ping_status":"closed","template":"","meta":{"footnotes":""},"jetpack_sharing_enabled":true,"_links":{"self":[{"href":"https:\/\/www.kaukinen.net\/index.php?rest_route=\/wp\/v2\/pages\/1257"}],"collection":[{"href":"https:\/\/www.kaukinen.net\/index.php?rest_route=\/wp\/v2\/pages"}],"about":[{"href":"https:\/\/www.kaukinen.net\/index.php?rest_route=\/wp\/v2\/types\/page"}],"author":[{"embeddable":true,"href":"https:\/\/www.kaukinen.net\/index.php?rest_route=\/wp\/v2\/users\/1"}],"replies":[{"embeddable":true,"href":"https:\/\/www.kaukinen.net\/index.php?rest_route=%2Fwp%2Fv2%2Fcomments&post=1257"}],"version-history":[{"count":3,"href":"https:\/\/www.kaukinen.net\/index.php?rest_route=\/wp\/v2\/pages\/1257\/revisions"}],"predecessor-version":[{"id":1274,"href":"https:\/\/www.kaukinen.net\/index.php?rest_route=\/wp\/v2\/pages\/1257\/revisions\/1274"}],"up":[{"embeddable":true,"href":"https:\/\/www.kaukinen.net\/index.php?rest_route=\/wp\/v2\/pages\/1181"}],"wp:attachment":[{"href":"https:\/\/www.kaukinen.net\/index.php?rest_route=%2Fwp%2Fv2%2Fmedia&parent=1257"}],"curies":[{"name":"wp","href":"https:\/\/api.w.org\/{rel}","templated":true}]}}