{"id":1287,"date":"2020-04-04T07:37:26","date_gmt":"2020-04-04T07:37:26","guid":{"rendered":"https:\/\/www.kaukinen.net\/?page_id=1287"},"modified":"2023-07-02T10:29:04","modified_gmt":"2023-07-02T10:29:04","slug":"sannilan-egoiste-otto","status":"publish","type":"page","link":"https:\/\/www.kaukinen.net\/?page_id=1287","title":{"rendered":"Sannilan Egoiste &#8221;Otto&#8221;"},"content":{"rendered":"\n<p>12.2.1998 &#8211; 9.4.2008<\/p>\n\n\n\n<p>Otto oli toisinaan uhmakas ja kovap\u00e4inen &#8221;babyface&#8221;. Se tuli meille nelj\u00e4n kuukauden ik\u00e4isen\u00e4 rasavillin\u00e4. Kippurah\u00e4nn\u00e4n suosikkileikki oli ihmisten sormien pureskelu. Otossa ilmeni sen verran paimenkoirataipumusta, ett\u00e4 se n\u00e4ykki kantap\u00e4it\u00e4 ja poisp\u00e4in k\u00e4velev\u00e4n ihmisen sormia, mutta onneksi t\u00e4m\u00e4 vaihe ei kest\u00e4nyt siet\u00e4m\u00e4tt\u00f6m\u00e4n pitk\u00e4\u00e4n. Nuorena Otto oli harmillisen s\u00e4ntillinen: se her\u00e4si viimeist\u00e4\u00e4n viidelt\u00e4 ja her\u00e4tti tietysti kaikki muutkin.<\/p>\n\n\n\n<p>Kun aloitimme agilityharjoitukset, Otto ei niist\u00e4 tuntunut suuremmin innostuvan, eik\u00e4 se viitsinyt tehd\u00e4 juuri mit\u00e4\u00e4n ilman makupalaa. Vasta kun harjoitukset olivat edenneet siihen vaiheeseen, ett\u00e4 teimme yksitt\u00e4isten esteiden sijaan ratoja, her\u00e4si Otonkin mielenkiinto aiheeseen. Alkeiden harjoittelu taisi olla herran \u00e4lynlahjojen aliarvioimista. Otto ei ollut koskaan erityisen vauhdikas agilityradalla, mutta se ei juurikaan pudotellut rimoja tai valinnut v\u00e4\u00e4r\u00e4\u00e4 estett\u00e4, vaan suoritti radan huolellisesti ja iloisesti. Otto halusi, ett\u00e4 rata suoritetaan &#8221;yhdess\u00e4&#8221;, eik\u00e4 se helposti irronnut ohjauksesta. Ehdimme p\u00e4\u00e4st\u00e4 3-luokkaan ennen kuin Otto j\u00e4i el\u00e4kkeelle.<\/p>\n\n\n\n<p>Oton maailma j\u00e4rkkyi pahanp\u00e4iv\u00e4isesti kun Putte tuli, eik\u00e4 se yritt\u00e4nyt mitenk\u00e4\u00e4n salata inhoaan pient\u00e4 r\u00e4\u00e4p\u00e4lett\u00e4 kohtaan. Aluksi jopa tuntui silt\u00e4, ett\u00e4 Otto pelk\u00e4si pentua. Toisaalta, kun pentu haukkua kimitti Oton korvaan yritt\u00e4en saada t\u00e4t\u00e4 leikkim\u00e4\u00e4n, oli my\u00f6t\u00e4tunto Oton puolella. Otto koki ep\u00e4ilem\u00e4tt\u00e4 Puten varsin r\u00f6yhke\u00e4ksi otukseksi, joka singahteli joka suuntaan, repi h\u00e4nn\u00e4st\u00e4, tuijotti h\u00e4vytt\u00f6m\u00e4sti suoraan silmiin ja jopa punnersi itsens\u00e4 Oton vartiopaikalle s\u00e4kkituoliin. Pikkuhiljaa Otto alkoi siet\u00e4\u00e4 yh\u00e4 paremmin &#8221;pikkuvelje\u00e4\u00e4n&#8221; ja leikkikin t\u00e4m\u00e4n kanssa. Toisen &#8221;pikkuveljen&#8221; eli Epun saapuminen ei sitten sen kummoisempi juttu Otolle ollutkaan. Parin p\u00e4iv\u00e4n rauhallisen tutustumisjakson j\u00e4lkeen Otto leikitti Eppua mallikkaasti. Otto ja Eppu pysyiv\u00e4t loppuun asti hyvin\u00e4 leikkikavereina, eik\u00e4 niill\u00e4 tullut koskaan pienint\u00e4k\u00e4\u00e4n riitaa.<\/p>\n\n\n\n<div class=\"wp-block-jetpack-slideshow aligncenter\" data-effect=\"slide\"><div class=\"wp-block-jetpack-slideshow_container swiper-container\"><ul class=\"wp-block-jetpack-slideshow_swiper-wrapper swiper-wrapper\"><li class=\"wp-block-jetpack-slideshow_slide swiper-slide\"><figure><img loading=\"lazy\" decoding=\"async\" width=\"600\" height=\"400\" alt=\"\" class=\"wp-block-jetpack-slideshow_image wp-image-1286\" data-id=\"1286\" src=\"https:\/\/www.kaukinen.net\/wp-content\/uploads\/2020\/04\/otto12.jpg\" srcset=\"https:\/\/www.kaukinen.net\/wp-content\/uploads\/2020\/04\/otto12.jpg 600w, https:\/\/www.kaukinen.net\/wp-content\/uploads\/2020\/04\/otto12-300x200.jpg 300w\" sizes=\"(max-width: 600px) 85vw, 600px\" \/><figcaption class=\"wp-block-jetpack-slideshow_caption gallery-caption\">S\u00e4kkituoli sopii erinomaisesti sek\u00e4 lepo- ett\u00e4 tarkkailupaikaksi.<\/figcaption><\/figure><\/li><li class=\"wp-block-jetpack-slideshow_slide swiper-slide\"><figure><img loading=\"lazy\" decoding=\"async\" width=\"600\" height=\"400\" alt=\"\" class=\"wp-block-jetpack-slideshow_image wp-image-1285\" data-id=\"1285\" src=\"https:\/\/www.kaukinen.net\/wp-content\/uploads\/2020\/04\/otto11.jpg\" srcset=\"https:\/\/www.kaukinen.net\/wp-content\/uploads\/2020\/04\/otto11.jpg 600w, https:\/\/www.kaukinen.net\/wp-content\/uploads\/2020\/04\/otto11-300x200.jpg 300w\" sizes=\"(max-width: 600px) 85vw, 600px\" \/><figcaption class=\"wp-block-jetpack-slideshow_caption gallery-caption\">Hurja petoel\u00e4in Otto salaatti-saaliin kimpussa.<\/figcaption><\/figure><\/li><li class=\"wp-block-jetpack-slideshow_slide swiper-slide\"><figure><img loading=\"lazy\" decoding=\"async\" width=\"600\" height=\"400\" alt=\"\" class=\"wp-block-jetpack-slideshow_image wp-image-1284\" data-id=\"1284\" src=\"https:\/\/www.kaukinen.net\/wp-content\/uploads\/2020\/04\/otto10.jpg\" srcset=\"https:\/\/www.kaukinen.net\/wp-content\/uploads\/2020\/04\/otto10.jpg 600w, https:\/\/www.kaukinen.net\/wp-content\/uploads\/2020\/04\/otto10-300x200.jpg 300w\" sizes=\"(max-width: 600px) 85vw, 600px\" \/><figcaption class=\"wp-block-jetpack-slideshow_caption gallery-caption\">Otto on mennyt varjoon kuumana kes\u00e4kuun p\u00e4iv\u00e4n\u00e4 vuonna 2007.<\/figcaption><\/figure><\/li><li class=\"wp-block-jetpack-slideshow_slide swiper-slide\"><figure><img loading=\"lazy\" decoding=\"async\" width=\"600\" height=\"400\" alt=\"\" class=\"wp-block-jetpack-slideshow_image wp-image-1283\" data-id=\"1283\" src=\"https:\/\/www.kaukinen.net\/wp-content\/uploads\/2020\/04\/otto09.jpg\" srcset=\"https:\/\/www.kaukinen.net\/wp-content\/uploads\/2020\/04\/otto09.jpg 600w, https:\/\/www.kaukinen.net\/wp-content\/uploads\/2020\/04\/otto09-300x200.jpg 300w\" sizes=\"(max-width: 600px) 85vw, 600px\" \/><figcaption class=\"wp-block-jetpack-slideshow_caption gallery-caption\">    <\/figcaption><\/figure><\/li><li class=\"wp-block-jetpack-slideshow_slide swiper-slide\"><figure><img loading=\"lazy\" decoding=\"async\" width=\"600\" height=\"400\" alt=\"\" class=\"wp-block-jetpack-slideshow_image wp-image-1282\" data-id=\"1282\" src=\"https:\/\/www.kaukinen.net\/wp-content\/uploads\/2020\/04\/otto08.jpg\" srcset=\"https:\/\/www.kaukinen.net\/wp-content\/uploads\/2020\/04\/otto08.jpg 600w, https:\/\/www.kaukinen.net\/wp-content\/uploads\/2020\/04\/otto08-300x200.jpg 300w\" sizes=\"(max-width: 600px) 85vw, 600px\" \/><figcaption class=\"wp-block-jetpack-slideshow_caption gallery-caption\">Otto nauttii lumessa juoksemisesta helmikuussa 2005.<\/figcaption><\/figure><\/li><li class=\"wp-block-jetpack-slideshow_slide swiper-slide\"><figure><img loading=\"lazy\" decoding=\"async\" width=\"302\" height=\"450\" alt=\"\" class=\"wp-block-jetpack-slideshow_image wp-image-1281\" data-id=\"1281\" src=\"https:\/\/www.kaukinen.net\/wp-content\/uploads\/2020\/04\/otto07.jpg\" srcset=\"https:\/\/www.kaukinen.net\/wp-content\/uploads\/2020\/04\/otto07.jpg 302w, https:\/\/www.kaukinen.net\/wp-content\/uploads\/2020\/04\/otto07-201x300.jpg 201w\" sizes=\"(max-width: 302px) 85vw, 302px\" \/><figcaption class=\"wp-block-jetpack-slideshow_caption gallery-caption\">Lokakuu 2001<\/figcaption><\/figure><\/li><li class=\"wp-block-jetpack-slideshow_slide swiper-slide\"><figure><img loading=\"lazy\" decoding=\"async\" width=\"450\" height=\"302\" alt=\"\" class=\"wp-block-jetpack-slideshow_image wp-image-1280\" data-id=\"1280\" src=\"https:\/\/www.kaukinen.net\/wp-content\/uploads\/2020\/04\/otto06.jpg\" srcset=\"https:\/\/www.kaukinen.net\/wp-content\/uploads\/2020\/04\/otto06.jpg 450w, https:\/\/www.kaukinen.net\/wp-content\/uploads\/2020\/04\/otto06-300x201.jpg 300w\" sizes=\"(max-width: 450px) 85vw, 450px\" \/><figcaption class=\"wp-block-jetpack-slideshow_caption gallery-caption\">5.3.2001<\/figcaption><\/figure><\/li><li class=\"wp-block-jetpack-slideshow_slide swiper-slide\"><figure><img loading=\"lazy\" decoding=\"async\" width=\"450\" height=\"302\" alt=\"\" class=\"wp-block-jetpack-slideshow_image wp-image-1279\" data-id=\"1279\" src=\"https:\/\/www.kaukinen.net\/wp-content\/uploads\/2020\/04\/otto05.jpg\" srcset=\"https:\/\/www.kaukinen.net\/wp-content\/uploads\/2020\/04\/otto05.jpg 450w, https:\/\/www.kaukinen.net\/wp-content\/uploads\/2020\/04\/otto05-300x201.jpg 300w\" sizes=\"(max-width: 450px) 85vw, 450px\" \/><figcaption class=\"wp-block-jetpack-slideshow_caption gallery-caption\">Elokuu 2000<\/figcaption><\/figure><\/li><li class=\"wp-block-jetpack-slideshow_slide swiper-slide\"><figure><img loading=\"lazy\" decoding=\"async\" width=\"302\" height=\"450\" alt=\"\" class=\"wp-block-jetpack-slideshow_image wp-image-1278\" data-id=\"1278\" src=\"https:\/\/www.kaukinen.net\/wp-content\/uploads\/2020\/04\/otto04.jpg\" srcset=\"https:\/\/www.kaukinen.net\/wp-content\/uploads\/2020\/04\/otto04.jpg 302w, https:\/\/www.kaukinen.net\/wp-content\/uploads\/2020\/04\/otto04-201x300.jpg 201w\" sizes=\"(max-width: 302px) 85vw, 302px\" \/><figcaption class=\"wp-block-jetpack-slideshow_caption gallery-caption\">Kes\u00e4kuu 2000<\/figcaption><\/figure><\/li><li class=\"wp-block-jetpack-slideshow_slide swiper-slide\"><figure><img loading=\"lazy\" decoding=\"async\" width=\"450\" height=\"302\" alt=\"\" class=\"wp-block-jetpack-slideshow_image wp-image-1277\" data-id=\"1277\" src=\"https:\/\/www.kaukinen.net\/wp-content\/uploads\/2020\/04\/otto03.jpg\" srcset=\"https:\/\/www.kaukinen.net\/wp-content\/uploads\/2020\/04\/otto03.jpg 450w, https:\/\/www.kaukinen.net\/wp-content\/uploads\/2020\/04\/otto03-300x201.jpg 300w\" sizes=\"(max-width: 450px) 85vw, 450px\" \/><figcaption class=\"wp-block-jetpack-slideshow_caption gallery-caption\">Kes\u00e4kuu 2000<\/figcaption><\/figure><\/li><li class=\"wp-block-jetpack-slideshow_slide swiper-slide\"><figure><img loading=\"lazy\" decoding=\"async\" width=\"302\" height=\"450\" alt=\"\" class=\"wp-block-jetpack-slideshow_image wp-image-1276\" data-id=\"1276\" src=\"https:\/\/www.kaukinen.net\/wp-content\/uploads\/2020\/04\/otto02.jpg\" srcset=\"https:\/\/www.kaukinen.net\/wp-content\/uploads\/2020\/04\/otto02.jpg 302w, https:\/\/www.kaukinen.net\/wp-content\/uploads\/2020\/04\/otto02-201x300.jpg 201w\" sizes=\"(max-width: 302px) 85vw, 302px\" \/><figcaption class=\"wp-block-jetpack-slideshow_caption gallery-caption\">Kes\u00e4kuu 1998<\/figcaption><\/figure><\/li><li class=\"wp-block-jetpack-slideshow_slide swiper-slide\"><figure><img loading=\"lazy\" decoding=\"async\" width=\"450\" height=\"302\" alt=\"\" class=\"wp-block-jetpack-slideshow_image wp-image-1275\" data-id=\"1275\" src=\"https:\/\/www.kaukinen.net\/wp-content\/uploads\/2020\/04\/otto01.jpg\" srcset=\"https:\/\/www.kaukinen.net\/wp-content\/uploads\/2020\/04\/otto01.jpg 450w, https:\/\/www.kaukinen.net\/wp-content\/uploads\/2020\/04\/otto01-300x201.jpg 300w\" sizes=\"(max-width: 450px) 85vw, 450px\" \/><figcaption class=\"wp-block-jetpack-slideshow_caption gallery-caption\">Otto tuli meille kes\u00e4kuussa 1998 nelj\u00e4n kuukauden ik\u00e4isen\u00e4.<\/figcaption><\/figure><\/li><\/ul><a class=\"wp-block-jetpack-slideshow_button-prev swiper-button-prev swiper-button-white\" role=\"button\"><\/a><a class=\"wp-block-jetpack-slideshow_button-next swiper-button-next swiper-button-white\" role=\"button\"><\/a><a aria-label=\"Pause Slideshow\" class=\"wp-block-jetpack-slideshow_button-pause\" role=\"button\"><\/a><div class=\"wp-block-jetpack-slideshow_pagination swiper-pagination swiper-pagination-white\"><\/div><\/div><\/div>\n\n\n\n<p>Otto <a href=\"https:\/\/jalostus.kennelliitto.fi\/frmKoira.aspx?RekNo=FIN20149\/98&amp;R=39\">KoiraNetiss\u00e4<\/a><\/p>\n","protected":false},"excerpt":{"rendered":"<p>12.2.1998 &#8211; 9.4.2008 Otto oli toisinaan uhmakas ja kovap\u00e4inen &#8221;babyface&#8221;. Se tuli meille nelj\u00e4n kuukauden ik\u00e4isen\u00e4 rasavillin\u00e4. Kippurah\u00e4nn\u00e4n suosikkileikki oli ihmisten sormien pureskelu. Otossa ilmeni sen verran paimenkoirataipumusta, ett\u00e4 se n\u00e4ykki kantap\u00e4it\u00e4 ja poisp\u00e4in k\u00e4velev\u00e4n ihmisen sormia, mutta onneksi t\u00e4m\u00e4 vaihe ei kest\u00e4nyt siet\u00e4m\u00e4tt\u00f6m\u00e4n pitk\u00e4\u00e4n. Nuorena Otto oli harmillisen s\u00e4ntillinen: se her\u00e4si viimeist\u00e4\u00e4n viidelt\u00e4 ja &hellip; <a href=\"https:\/\/www.kaukinen.net\/?page_id=1287\" class=\"more-link\">Jatka lukemista<span class=\"screen-reader-text\"> &#8221;Sannilan Egoiste &#8221;Otto&#8221;&#8221;<\/span><\/a><\/p>\n","protected":false},"author":1,"featured_media":0,"parent":1181,"menu_order":0,"comment_status":"closed","ping_status":"closed","template":"","meta":{"footnotes":""},"jetpack_sharing_enabled":true,"_links":{"self":[{"href":"https:\/\/www.kaukinen.net\/index.php?rest_route=\/wp\/v2\/pages\/1287"}],"collection":[{"href":"https:\/\/www.kaukinen.net\/index.php?rest_route=\/wp\/v2\/pages"}],"about":[{"href":"https:\/\/www.kaukinen.net\/index.php?rest_route=\/wp\/v2\/types\/page"}],"author":[{"embeddable":true,"href":"https:\/\/www.kaukinen.net\/index.php?rest_route=\/wp\/v2\/users\/1"}],"replies":[{"embeddable":true,"href":"https:\/\/www.kaukinen.net\/index.php?rest_route=%2Fwp%2Fv2%2Fcomments&post=1287"}],"version-history":[{"count":2,"href":"https:\/\/www.kaukinen.net\/index.php?rest_route=\/wp\/v2\/pages\/1287\/revisions"}],"predecessor-version":[{"id":1290,"href":"https:\/\/www.kaukinen.net\/index.php?rest_route=\/wp\/v2\/pages\/1287\/revisions\/1290"}],"up":[{"embeddable":true,"href":"https:\/\/www.kaukinen.net\/index.php?rest_route=\/wp\/v2\/pages\/1181"}],"wp:attachment":[{"href":"https:\/\/www.kaukinen.net\/index.php?rest_route=%2Fwp%2Fv2%2Fmedia&parent=1287"}],"curies":[{"name":"wp","href":"https:\/\/api.w.org\/{rel}","templated":true}]}}