{"id":44,"date":"2020-03-01T11:35:56","date_gmt":"2020-03-01T11:35:56","guid":{"rendered":"http:\/\/31.217.196.220\/~pzgtfdch\/?page_id=44"},"modified":"2020-10-04T07:55:48","modified_gmt":"2020-10-04T07:55:48","slug":"koirat","status":"publish","type":"page","link":"https:\/\/www.kaukinen.net\/?page_id=44","title":{"rendered":"Koirat"},"content":{"rendered":"\n<p>Meill\u00e4 on nelj\u00e4 tanskalais-ruotsalaista pihakoiraa, ja t\u00e4rkein harrastuksemme on agility. Koirista l\u00f6ytyy kuvia niiden omilta sivuilta:<\/p>\n\n\n\n<ul><li><a href=\"http:\/\/31.217.196.220\/~pzgtfdch\/?page_id=52\">Jussi<\/a><\/li><li><a href=\"http:\/\/31.217.196.220\/~pzgtfdch\/?page_id=59\">Pontus<\/a><\/li><li><a href=\"http:\/\/31.217.196.220\/~pzgtfdch\/?page_id=12\">Aatu<\/a><\/li><li><a href=\"https:\/\/www.kaukinen.net\/?page_id=1723\" data-type=\"page\" data-id=\"1723\">Osku<\/a><\/li><\/ul>\n\n\n\n<p><\/p>\n","protected":false},"excerpt":{"rendered":"<p>Meill\u00e4 on nelj\u00e4 tanskalais-ruotsalaista pihakoiraa, ja t\u00e4rkein harrastuksemme on agility. Koirista l\u00f6ytyy kuvia niiden omilta sivuilta: Jussi Pontus Aatu Osku<\/p>\n","protected":false},"author":1,"featured_media":0,"parent":0,"menu_order":0,"comment_status":"closed","ping_status":"closed","template":"","meta":{"footnotes":""},"jetpack_sharing_enabled":true,"_links":{"self":[{"href":"https:\/\/www.kaukinen.net\/index.php?rest_route=\/wp\/v2\/pages\/44"}],"collection":[{"href":"https:\/\/www.kaukinen.net\/index.php?rest_route=\/wp\/v2\/pages"}],"about":[{"href":"https:\/\/www.kaukinen.net\/index.php?rest_route=\/wp\/v2\/types\/page"}],"author":[{"embeddable":true,"href":"https:\/\/www.kaukinen.net\/index.php?rest_route=\/wp\/v2\/users\/1"}],"replies":[{"embeddable":true,"href":"https:\/\/www.kaukinen.net\/index.php?rest_route=%2Fwp%2Fv2%2Fcomments&post=44"}],"version-history":[{"count":3,"href":"https:\/\/www.kaukinen.net\/index.php?rest_route=\/wp\/v2\/pages\/44\/revisions"}],"predecessor-version":[{"id":1727,"href":"https:\/\/www.kaukinen.net\/index.php?rest_route=\/wp\/v2\/pages\/44\/revisions\/1727"}],"wp:attachment":[{"href":"https:\/\/www.kaukinen.net\/index.php?rest_route=%2Fwp%2Fv2%2Fmedia&parent=44"}],"curies":[{"name":"wp","href":"https:\/\/api.w.org\/{rel}","templated":true}]}}