{"id":70,"date":"2020-03-01T13:53:44","date_gmt":"2020-03-01T13:53:44","guid":{"rendered":"http:\/\/31.217.196.220\/~pzgtfdch\/?page_id=70"},"modified":"2020-03-07T14:56:57","modified_gmt":"2020-03-07T14:56:57","slug":"markun-agilityradat","status":"publish","type":"page","link":"https:\/\/www.kaukinen.net\/?page_id=70","title":{"rendered":"Markun agilityradat"},"content":{"rendered":"\n<p><a href=\"https:\/\/www.kaukinen.net\/piwigo\/index.php?\/category\/1\">L\u00f6ytyy t\u00e4\u00e4lt\u00e4<\/a><\/p>\n","protected":false},"excerpt":{"rendered":"<p>L\u00f6ytyy t\u00e4\u00e4lt\u00e4<\/p>\n","protected":false},"author":1,"featured_media":178,"parent":0,"menu_order":0,"comment_status":"closed","ping_status":"closed","template":"","meta":{"footnotes":""},"jetpack_sharing_enabled":true,"_links":{"self":[{"href":"https:\/\/www.kaukinen.net\/index.php?rest_route=\/wp\/v2\/pages\/70"}],"collection":[{"href":"https:\/\/www.kaukinen.net\/index.php?rest_route=\/wp\/v2\/pages"}],"about":[{"href":"https:\/\/www.kaukinen.net\/index.php?rest_route=\/wp\/v2\/types\/page"}],"author":[{"embeddable":true,"href":"https:\/\/www.kaukinen.net\/index.php?rest_route=\/wp\/v2\/users\/1"}],"replies":[{"embeddable":true,"href":"https:\/\/www.kaukinen.net\/index.php?rest_route=%2Fwp%2Fv2%2Fcomments&post=70"}],"version-history":[{"count":4,"href":"https:\/\/www.kaukinen.net\/index.php?rest_route=\/wp\/v2\/pages\/70\/revisions"}],"predecessor-version":[{"id":179,"href":"https:\/\/www.kaukinen.net\/index.php?rest_route=\/wp\/v2\/pages\/70\/revisions\/179"}],"wp:featuredmedia":[{"embeddable":true,"href":"https:\/\/www.kaukinen.net\/index.php?rest_route=\/wp\/v2\/media\/178"}],"wp:attachment":[{"href":"https:\/\/www.kaukinen.net\/index.php?rest_route=%2Fwp%2Fv2%2Fmedia&parent=70"}],"curies":[{"name":"wp","href":"https:\/\/api.w.org\/{rel}","templated":true}]}}